{"id":31054,"date":"2025-10-23T11:02:16","date_gmt":"2025-10-23T09:02:16","guid":{"rendered":"https:\/\/www.lte-anbieter.info\/lte-news\/?page_id=31054"},"modified":"2025-10-24T16:00:02","modified_gmt":"2025-10-24T14:00:02","slug":"welches-netz-hat-ay-yildiz","status":"publish","type":"page","link":"https:\/\/www.lte-anbieter.info\/lte-news\/welches-netz-hat-ay-yildiz","title":{"rendered":"Welches Mobilfunk-Netz hat Ay Yildiz?"},"content":{"rendered":"<p>&nbsp;<\/p>\n<p>Hinter der Marke \u201e<a href=\"https:\/\/www.lte-anbieter.info\/details\/ayyildiz\" rel=\"nofollow noopener\" target=\"_blank\">Ay Yildiz<\/a>\u201c verbirgt sich ein beliebter Mobilfunkdiscounter, der mit g\u00fcnstigen Prepaid- und Vertragstarifen vor allem t\u00fcrkischsprachige Kunden lockt. Denn Tarifbestandteil sind meistens auch Kontingente zum Telefonieren zur bzw. in der T\u00fcrkei. Doch welches Netz nutzt eigentlich Ay Yildiz? Gibt es hier auch LTE und wie gut ist die Netzabdeckung? All dies und mehr erfahren Sie im folgenden Ratgeber.<!--more--><\/p>\n<h2>Das Mobilfunknetz von Ay Yildiz<\/h2>\n<div class=\"pic_r\"><img decoding=\"async\" src=\"https:\/\/www.lte-anbieter.info\/lte-news\/wp-content\/uploads\/2019\/08\/ay-yildiz-logo.jpg\" alt=\"Ay Yildiz\" width=\"180\" fetchpriority=\"high\"><\/div>\n<p>Der Betreiber, die AY YILDIZ Communications GmbH, unterh\u00e4lt selbst kein eigenes Mobilnetz. Daher ist der Provider auf einen Partner angewiesen. Als Netzanbieter f\u00fcr Ay Yildiz trat lange Zeit E-Plus auf. Seit der \u00dcbernahme durch O2 vor einigen Jahren, ist dies nun die <a href=\"https:\/\/www.lte-anbieter.info\/lte-provider\/o2\/o2-lte.php\" data-internallinksmanager029f6b8e52c=\"34\" title=\"O2 LTE- und 5G-Tarife zeigen\">O2 Telef\u00f3nica<\/a> Deutschland. Kunden telefonieren und browsen also \u00fcber O2 (E-Netz)!<\/p>\n<h2>Wie ist die Qualit\u00e4t?<\/h2>\n<p>Der Vorteil am O2-Netz ist, dass hier allen Nutzern der Zugang zu modernen Netzdiensten, wie <a href=\"https:\/\/www.lte-anbieter.info\/volte\/\" rel=\"nofollow noopener\" target=\"_blank\">VoLTE<\/a> oder <a href=\"https:\/\/www.lte-anbieter.info\/technik\/wlan\/wifi-calling.php\" rel=\"noopener\" target=\"_blank\">Wifi-Calling<\/a>, offen steht \u2013 auch in den g\u00fcnstigen <a href=\"https:\/\/www.lte-anbieter.info\/prepaid\/anbieter\/ay-yildiz.php\" title=\"zu den Ay Yildiz Prepaid-Angeboten\">Ay Yildiz Prepaid-Tarifen<\/a>. In den <a href=\"https:\/\/www.lte-anbieter.info\/lte-news\/index.php?s=netztest\" rel=\"noopener\" target=\"_blank\">letzten Netztests<\/a> schnitt O2 in den vergangenen Jahren stetig besser ab, was die Qualit\u00e4t anbelangt. Allerdings gibt es nach wie vor einen kleinen Abstand zur Konkurrenz, also <a href=\"https:\/\/www.lte-anbieter.info\/lte-provider\/vodafone\/vodafone-lte.php\" data-internallinksmanager029f6b8e52c=\"33\" title=\"Vodafone LTE- und 5G-Tarife zeigen\">Vodafone<\/a> und der <a href=\"https:\/\/www.lte-anbieter.info\/lte-provider\/telekom\/telekom-lte.php\" data-internallinksmanager029f6b8e52c=\"32\" title=\"LTE- und 5G-Tarife der Deutschen Telekom zeigen\">Dt. Telekom<\/a>. <\/p>\n<div class=\"pic_r_cl\"><img decoding=\"async\" src=\"https:\/\/www.lte-anbieter.info\/lte-news\/wp-content\/uploads\/2019\/08\/ayyildiz.jpg\" alt=\"Ay Yildiz\" class=\"fullwidth\"><\/div>\n<p>&nbsp;<\/p>\n<h2>Wie gut ist die Netzabdeckung bei AY-Yildiz?<\/h2>\n<p>Die Netzabdeckung ist bereits recht gut, besonders in den St\u00e4dten. L\u00fccken klaffen vor allem noch im l\u00e4ndlichen Raum. Im Vergleich zur Telekom und Vodafone hat O2 zwar noch etwas Nachholpotenzial, doch der Abstand schwindet zusehends mit jedem Jahr und jedem Test. Wohl auch, da der Netzbetreiber seit Jahren verst\u00e4rkt in Ausbau investiert. Wie gut die Netzabdeckung bei Ihnen vor Ort ist, <a href=\"https:\/\/www.lte-anbieter.info\/details\/O2Verf\" rel=\"nofollow noopener\" target=\"_blank\">zeigt hier ein Blick auf die O2-Ausbaukarte<\/a>.<\/p>\n<h2>Habe ich LTE im Netz von Ay-Yildiz?<\/h2>\n<p>Ja! Ay Yildiz-Nutzer z\u00e4hlten bereits 2016 mit zu den ersten \u00fcberhaupt, welche selbst in preiswerten Prepaid-Tarifen 4G nutzen konnten. Seither gibts LTE hier in allen Tarifen ohne Mehrkosten!<\/p>\n<h2>Wie steht es mit 5G?<\/h2>\n<p>Seit Mitte 2024 gibt es endlich auch f\u00fcr Ay Yildiz Kunden Zugang zum neusten <a href=\"https:\/\/www.lte-anbieter.info\/5g\/\" data-internallinksmanager029f6b8e52c=\"73\" title=\"alles zum LTE-Nachfolger 5G\">5G<\/a>-Netz. Allerdings bleibt es bei der maximalen Datenrate von 50 MBit\/s \u00fcber O2. Daf\u00fcr erh\u00f6ht sich die Funkabdeckung, der Stomverbrauch sinkt und die Reaktionszeit f\u00e4llt gegen\u00fcber LTE schneller aus&#8230;<\/p>\n<h2>Welche Anbieter nutzen noch das Netz von O2?<\/h2>\n<p>Neben Ay-Yildiz sind das noch eine ganze Menge. Vor allem die besonders g\u00fcnstigen Anbieter, wie <a href=\"https:\/\/www.lte-anbieter.info\/lte-provider\/winsim\/winsim-lte.php\" target=\"_blank\" rel=\"noopener\">winSIM<\/a>, <a href=\"https:\/\/www.lte-anbieter.info\/prepaid\/anbieter\/blau.php\" target=\"_blank\" rel=\"noopener\">Blau<\/a>, <a href=\"https:\/\/www.lte-anbieter.info\/prepaid\/anbieter\/aldi-talk.php\" target=\"_blank\" rel=\"noopener\">Aldi<\/a> oder <a href=\"https:\/\/www.lte-anbieter.info\/lte-provider\/sim\/sim-de.php\" target=\"_blank\" rel=\"noopener\">sim.de<\/a> setzen auf O2 als Partner. Der folgende Vergleich zeigt Anbieter &#038; Tarife im O2-Netz im Preisvergleich:<\/p>\n<p>&nbsp;<\/p>\n<p><script type=\"text\/javascript\" src=\"https:\/\/www.tariffuxx.de\/tools\/view\/twl-mobile?tool_id=375\" id=\"twl-mobile-375\"><\/script><br \/>\n<noscript>Bitte aktivieren Sie JavaScript, um den Tarifvergleich zu nutzen.<\/noscript><\/p>\n<h2>Kundendienst: Wie erreiche ich jemand bei Ay-Yildiz<\/h2>\n<p>Wer Fragen oder Probleme zum Angebot hat, erreicht unter der Kundenhotline <em>0177 177 11 35<\/em> einen Callcenter-Mitarbeiter. Die Rufnummer ist von Montag bis Freitag von 8 bis 22 Uhr besetzt. Samstag von 10-20 Uhr, Sonn- und Feiertags 10-18 Uhr. Am meisten ist statistisch gesehen von 17-21 Uhr los, so dass m\u00f6glichst diese Zeiten vermieden werden sollten.<\/p>\n<p>&nbsp;<\/p>\n<div style='text-align:center' class='yasr-auto-insert-visitor'><\/div>","protected":false},"excerpt":{"rendered":"<p>&nbsp; Hinter der Marke \u201eAy Yildiz\u201c verbirgt sich ein beliebter Mobilfunkdiscounter, der mit g\u00fcnstigen Prepaid- und Vertragstarifen vor allem t\u00fcrkischsprachige Kunden lockt. Denn Tarifbestandteil sind meistens auch Kontingente zum Telefonieren zur bzw. in der T\u00fcrkei. Doch welches Netz nutzt eigentlich Ay Yildiz? Gibt es hier auch LTE und wie gut ist die Netzabdeckung? All dies [&hellip;]<\/p>\n","protected":false},"author":1,"featured_media":0,"parent":0,"menu_order":0,"comment_status":"closed","ping_status":"closed","template":"","meta":{"yasr_overall_rating":0,"yasr_post_is_review":"","yasr_auto_insert_disabled":"","yasr_review_type":"","iawp_total_views":1643,"footnotes":""},"class_list":["post-31054","page","type-page","status-publish","hentry"],"yasr_visitor_votes":{"stars_attributes":{"read_only":false,"span_bottom":false},"number_of_votes":7,"sum_votes":21},"jetpack_shortlink":"https:\/\/wp.me\/POOxv-84S","_links":{"self":[{"href":"https:\/\/www.lte-anbieter.info\/lte-news\/wp-json\/wp\/v2\/pages\/31054","targetHints":{"allow":["GET"]}}],"collection":[{"href":"https:\/\/www.lte-anbieter.info\/lte-news\/wp-json\/wp\/v2\/pages"}],"about":[{"href":"https:\/\/www.lte-anbieter.info\/lte-news\/wp-json\/wp\/v2\/types\/page"}],"author":[{"embeddable":true,"href":"https:\/\/www.lte-anbieter.info\/lte-news\/wp-json\/wp\/v2\/users\/1"}],"replies":[{"embeddable":true,"href":"https:\/\/www.lte-anbieter.info\/lte-news\/wp-json\/wp\/v2\/comments?post=31054"}],"version-history":[{"count":4,"href":"https:\/\/www.lte-anbieter.info\/lte-news\/wp-json\/wp\/v2\/pages\/31054\/revisions"}],"predecessor-version":[{"id":44033,"href":"https:\/\/www.lte-anbieter.info\/lte-news\/wp-json\/wp\/v2\/pages\/31054\/revisions\/44033"}],"wp:attachment":[{"href":"https:\/\/www.lte-anbieter.info\/lte-news\/wp-json\/wp\/v2\/media?parent=31054"}],"curies":[{"name":"wp","href":"https:\/\/api.w.org\/{rel}","templated":true}]}}