{"id":31199,"date":"2025-10-22T09:24:05","date_gmt":"2025-10-22T07:24:05","guid":{"rendered":"https:\/\/www.lte-anbieter.info\/lte-news\/?page_id=31199"},"modified":"2025-10-24T16:06:07","modified_gmt":"2025-10-24T14:06:07","slug":"welches-netz-nutzt-smartmobil","status":"publish","type":"page","link":"https:\/\/www.lte-anbieter.info\/lte-news\/welches-netz-nutzt-smartmobil","title":{"rendered":"Welches Netz hat Smartmobil?"},"content":{"rendered":"<p>&nbsp;<\/p>\n<p>Bei <a href=\"https:\/\/www.lte-anbieter.info\/lte-provider\/smart\/smartmobil.php\" data-internallinksmanager029f6b8e52c=\"38\" title=\"Smartmobil Tarife zeigen\">Smartmobil<\/a> handelt es sich um eine Tochtergesellschaft der Drillisch AG. Das Unternehmen steht seit jeher f\u00fcr preiswerte Mobilfunktarife. Die Frage ist nur, in welchem Netz bewegen sich eigentlich Smartmobil-Kunden und wie gut ist dies? Wie gut ist die Abdeckung und welche Alternativen gibt es gegebenenfalls? All dies erfahren Sie hier in diesem kurzen Ratgeber.<!--more--><\/p>\n<h2>Mobilfunknetz<\/h2>\n<div class=\"pic_r\"><img decoding=\"async\" src=\"https:\/\/www.lte-anbieter.info\/lte-news\/wp-content\/uploads\/2019\/11\/smartmobil.jpg\" alt=\"Smartmobil\" width=\"220\" fetchpriority=\"high\"><\/div>\n<p><a href=\"https:\/\/www.lte-anbieter.info\/lte-provider\/smart\/smartmobil.php\">Smartmobil<\/a> hat selbst kein Funknetz in Betrieb, sondern ist auf Partner angewiesen. In Deutschland betreiben bislang nur vier Unternehmen eigene Mobilnetze, n\u00e4mlich <a href=\"https:\/\/www.lte-anbieter.info\/lte-provider\/o2\/o2-lte.php\" data-internallinksmanager029f6b8e52c=\"34\" title=\"O2 LTE- und 5G-Tarife zeigen\">O2<\/a>, die <a href=\"https:\/\/www.lte-anbieter.info\/lte-provider\/telekom\/telekom-lte.php\" data-internallinksmanager029f6b8e52c=\"32\" title=\"LTE- und 5G-Tarife der Deutschen Telekom zeigen\">Dt. Telekom<\/a> und <a href=\"https:\/\/www.lte-anbieter.info\/lte-provider\/vodafone\/vodafone-lte.php\" data-internallinksmanager029f6b8e52c=\"33\" title=\"Vodafone LTE- und 5G-Tarife zeigen\">Vodafone<\/a>. 1&#038;1 ist erst vor kurzen dazukommen und spielt nun mit eigenem <a href=\"https:\/\/www.lte-anbieter.info\/5g\/\" data-internallinksmanager029f6b8e52c=\"73\" title=\"alles zum LTE-Nachfolger 5G\">5G<\/a>-Netz ebenfalls in der Provider-Liga. Da Smartmobil bzw. Drillisch zu 1&#038;1 geh\u00f6rt, kommt zun\u00e4chst das 1&#038;1-eigene Netz zum Einsatz, jedenfalls sofern verf\u00fcgbar. Wie wir noch sehen werden, ist dies noch eher selten der Fall. Daher braucht Smartmobil weiter einen Netzpartner, den man in Vodafone gefunden hat. Smartmobil-Kunden surfen und telefonieren also entweder per Vodafone (D2) oder \u00fcber 1&#038;1 &#8211; je nach Verf\u00fcgbarkeit vor Ort!<\/p>\n<h2>Wie gut ist die Qualit\u00e4t?<\/h2>\n<p>Eigentlich recht gut! Besonders weil Vodafone seine Nutzer auch moderne Dienste wie <a href=\"https:\/\/www.lte-anbieter.info\/technik\/wlan\/wifi-calling.php\" target=\"_blank\" rel=\"noopener\">Wifi-Calling<\/a> oder <a href=\"https:\/\/www.lte-anbieter.info\/volte\/\" target=\"_blank\" rel=\"noopener\">VoLTE<\/a> ohne Mehrkosten zur Verf\u00fcgung stellt. Beim 1&#038;1-Netz setzt das Unternehmen auf modernste Mobilfunktechnik wie Open-RAN, da man ja das Funknetz von Grund auf neu aufbaut, wird das Unternehmen nicht durch \u00e4ltere Infrastrukturen gehemmt. <\/p>\n<h2>Wie gut ist die Netzabdeckung bei Smartmobil?<\/h2>\n<p>Das Mobilfunknetz von Vodafone, also dem National-Roamingpartner, geh\u00f6rt zu den Besten Deutschlands, gleich nach der Telekom wie die <a href=\"https:\/\/www.lte-anbieter.info\/lte-news\/index.php?s=netztest\">letzten Netztests zeigen<\/a>. Die 4G- und 5G-Abdeckung rangiert in etwa auf dem Niveau von O2 und der Deutschen Telekom. F\u00fcr einen Einblick zur Lage vor Ort, empfiehlt sich ein <a href=\"https:\/\/www.lte-anbieter.info\/details\/Vodafonemap\" rel=\"nofollow noopener\" target=\"_blank\">Blick hier auf die Netzausbaukarte von Vodafone<\/a>. 1&#038;1 betreibt bisher leider nur wenige Masten bundesweit. Genaue Zahlen sind schwer zu finden &#8211; in Q4\/2025 waren es um die 1000 Funkmasten in 100 St\u00e4dten. Die anderen Netzbetreiber unterhalten im Schnitt deutlich \u00fcber 10.000! F\u00fcr eine nennenswerte Versorgung im hauseigenen 5G-Netz, wird wohl noch Jahre dauern. Die L\u00fccken f\u00fcllt also nach wie vor Vodafone \u00fcber National-Roaming.<\/p>\n<h2>Gibt es LTE und 5G bei Smartmobil?<\/h2>\n<p>Eindeutig ja! Smartmobil begann sogar schon sehr fr\u00fch LTE anzubieten. Ende 2023 kam dann auch noch <a href=\"https:\/\/www.lte-anbieter.info\/5g\/\" rel=\"noopener\" target=\"_blank\">5G<\/a> hinzu. Im Gegensatz zu einem Nutzer mit Vertrag direkt bei Vodafone (z.B. <a href=\"https:\/\/www.lte-anbieter.info\/lte-news\/gigamobil-s-vodafone-lte-allnetflat-mit-viel-datenvolumen\">Gigamobil S<\/a>), surft man allerdings nicht ganz so schnell. Also nicht mit <a href=\"https:\/\/www.lte-anbieter.info\/ratgeber\/lte-plus.php\">LTE Max<\/a>. Die Tarife sind auf 100 MBit\/s begrenzt (Upload 50 MBit), was aber immer noch im Alltag v\u00f6llig ausreichend ist.<\/p>\n<h2>Hat Smartmobil eine Volumen-Datenautomatik?<\/h2>\n<div class=\"pic_r\"><img decoding=\"async\" src=\"https:\/\/www.lte-anbieter.info\/lte-news\/wp-content\/uploads\/2024\/10\/smartmobil-netz.webp\" alt=\"Smartmobil Netz Bewertung\" title=\"Bewertung des Smartmobil Netzes durch unsere Redaktion\" width=\"250\" loading=\"lazy\"><\/div>\n<p>Eine <a href=\"https:\/\/www.lte-anbieter.info\/ratgeber\/datenautomatik.php\" data-internallinksmanager029f6b8e52c=\"65\" title=\"alles zur sogenannten Datenautomatik erfahren\">Datenautomatik<\/a> (automatisches Nachbuchen gegen Aufpreis) ist tats\u00e4chlich fester Bestandteil der Smartmobil-Tarife. Nach aufbrauchen des monatlichen Kontingents, werden pro Monat bis zu 3x 500 MB zu je 2 \u20ac eingebucht&#8230;<\/p>\n<h2>Was ist mit eSIM?<\/h2>\n<p>Elektronische SIM-Karten k\u00f6nnen bei Smartmobil gegen Aufpreis bei Bedarf nachbestellt werden.<\/p>\n<h2>Vergleiche alle Smartmobil-Tarife und Angebote im \u00dcberblick<\/h2>\n<p>Doch wie teure sind die Angebote von Smartmobil? Unsere Redaktion hat f\u00fcr Sie <a href=\"https:\/\/www.lte-anbieter.info\/lte-provider\/smart\/smartmobil.php\">hier die Tarife zusammengefasst und gegen\u00fcbergestellt<\/a>. <\/p>\n<h2>Tarife: alle anderen Angebote im 1und1-Netz mit Smartmobil im Vergleich<\/h2>\n<p>Sie suchen etwas anderes oder noch g\u00fcnstiger? Kein Problem! Unser gro\u00dfer Tarifvergleich \u00fcber alle Anbieter zeigt, wo Sie ggf. noch bessere Schn\u00e4ppchen machen k\u00f6nnen. Alle Angebote sind ebenfalls im Netz von 1&#038;1 angesiedelt.<\/p>\n<p>&nbsp;<\/p>\n<p><script type=\"text\/javascript\" src=\"https:\/\/www.tariffuxx.de\/tools\/view\/twl-mobile?tool_id=3239\" id=\"twl-mobile-3239\"><\/script><br \/>\n<noscript>Bitte aktivieren Sie JavaScript, um den Vergleich nutzen zu k\u00f6nnen.<\/noscript><\/p>\n<div style='text-align:center' class='yasr-auto-insert-visitor'><\/div>","protected":false},"excerpt":{"rendered":"<p>&nbsp; Bei Smartmobil handelt es sich um eine Tochtergesellschaft der Drillisch AG. Das Unternehmen steht seit jeher f\u00fcr preiswerte Mobilfunktarife. Die Frage ist nur, in welchem Netz bewegen sich eigentlich Smartmobil-Kunden und wie gut ist dies? Wie gut ist die Abdeckung und welche Alternativen gibt es gegebenenfalls? All dies erfahren Sie hier in diesem kurzen [&hellip;]<\/p>\n","protected":false},"author":1,"featured_media":0,"parent":0,"menu_order":0,"comment_status":"closed","ping_status":"closed","template":"","meta":{"yasr_overall_rating":0,"yasr_post_is_review":"","yasr_auto_insert_disabled":"","yasr_review_type":"","iawp_total_views":6550,"footnotes":""},"class_list":["post-31199","page","type-page","status-publish","hentry"],"yasr_visitor_votes":{"stars_attributes":{"read_only":false,"span_bottom":false},"number_of_votes":2,"sum_votes":7},"jetpack_shortlink":"https:\/\/wp.me\/POOxv-87d","_links":{"self":[{"href":"https:\/\/www.lte-anbieter.info\/lte-news\/wp-json\/wp\/v2\/pages\/31199","targetHints":{"allow":["GET"]}}],"collection":[{"href":"https:\/\/www.lte-anbieter.info\/lte-news\/wp-json\/wp\/v2\/pages"}],"about":[{"href":"https:\/\/www.lte-anbieter.info\/lte-news\/wp-json\/wp\/v2\/types\/page"}],"author":[{"embeddable":true,"href":"https:\/\/www.lte-anbieter.info\/lte-news\/wp-json\/wp\/v2\/users\/1"}],"replies":[{"embeddable":true,"href":"https:\/\/www.lte-anbieter.info\/lte-news\/wp-json\/wp\/v2\/comments?post=31199"}],"version-history":[{"count":5,"href":"https:\/\/www.lte-anbieter.info\/lte-news\/wp-json\/wp\/v2\/pages\/31199\/revisions"}],"predecessor-version":[{"id":44035,"href":"https:\/\/www.lte-anbieter.info\/lte-news\/wp-json\/wp\/v2\/pages\/31199\/revisions\/44035"}],"wp:attachment":[{"href":"https:\/\/www.lte-anbieter.info\/lte-news\/wp-json\/wp\/v2\/media?parent=31199"}],"curies":[{"name":"wp","href":"https:\/\/api.w.org\/{rel}","templated":true}]}}