{"id":32783,"date":"2026-02-02T15:57:11","date_gmt":"2026-02-02T14:57:11","guid":{"rendered":"https:\/\/www.lte-anbieter.info\/lte-news\/?page_id=32783"},"modified":"2026-04-04T10:34:22","modified_gmt":"2026-04-04T08:34:22","slug":"lte-fuer-zuhause-ohne-vertrag","status":"publish","type":"page","link":"https:\/\/www.lte-anbieter.info\/lte-news\/lte-fuer-zuhause-ohne-vertrag","title":{"rendered":"LTE\/5G f\u00fcr zuhause ohne Vertrag oder als Prepaid?"},"content":{"rendered":"<p>&nbsp;<\/p>\n<p><img decoding=\"async\" src=\"https:\/\/www.lte-anbieter.info\/lte-news\/wp-content\/uploads\/2020\/04\/lte-daheim-prepaid.jpg\" alt=\"LTE Zuhause per Prepaid!?\" class=\"fullwidth\"><\/p>\n<p>&nbsp;<\/p>\n<p>4G\/LTE als Festnetzalternative erfreut sich immer gr\u00f6\u00dferer Beliebtheit. Spezielle, station\u00e4re Tarife erm\u00f6glichen preiswertes, flottes Highspeed-Internet f\u00fcr fast jeden Einsatzort! Zudem ohne Wartezeit auf Techniker und Schaltungstermine. Doch gibt\u2019s die Angebote eigentlich auch ohne Mindestvertragslaufzeit von 2 Jahren? Oder gar als Prepaid-Variante? Wir zeigen, welche Anbieter 4G bzw. <a href=\"https:\/\/www.lte-anbieter.info\/5g\/\" data-internallinksmanager029f6b8e52c=\"73\" title=\"alles zum LTE-Nachfolger 5G\">5G<\/a> f\u00fcr Zuhause ohne Vertrag bieten, was das kostet und welche Unterschiede Sie kennen sollten.<!--more--><\/p>\n<h2>Breitband ohne Festnetzanschluss!?<\/h2>\n<p>Es gibt eine Reihe von Gr\u00fcnden, die f\u00fcr Mobilfunk per 4G\/5G statt DSL, <a href=\"https:\/\/www.lte-anbieter.info\/lte-alternativen\/vdsl-kabel\/vdsl-kabel-flatrate.php\" data-internallinksmanager029f6b8e52c=\"63\" title=\"Was ist VDSL und was kostet es?\">VDSL<\/a> oder Kabel sprechen. Nur 2-3 Tage nach der Bestellung kann es schon losgehen. Einfach SIM-einlegen, Router aufstellen, fertig! Und das mittlerweile fast \u00fcberall in Deutschland. Im Gegensatz dazu, sind schnelle Internetzug\u00e4nge \u00fcbers Festnetz bekanntlich immer noch nicht \u00fcberall verf\u00fcgbar. <u>Ein weiter Vorteil:<\/u> Bei einigen Anbietern kann man den <a href=\"https:\/\/www.lte-anbieter.info\/lte-hardware\/router\/lte-router-ratgeber.php\" data-internallinksmanager029f6b8e52c=\"23\" title=\"LTE Router in der \u00dcbersicht + Ratgeber\">4G-Router<\/a> sogar \u00fcberall mit hinnehmen \u2013 sozusagen \u201etragbares WLAN\u201c wenn man so will. Selbst in Punkto Geschwindigkeit hat station\u00e4res 4G die meisten herk\u00f6mmlichen Zug\u00e4nge l\u00e4ngst abgeh\u00e4ngt. Je nach Anbieter stehen 10-500 MBit zur Verf\u00fcgung \u2013 via 5G sogar \u00fcber 1000 MBit.<\/p>\n<h2>Wer bietet das?<\/h2>\n<p>Aktuell offerieren insgesamt <u>vier Unternehmen LTE-Internet f\u00fcr die Wohnung<\/u>. <a href=\"https:\/\/www.lte-anbieter.info\/lte-provider\/vodafone\/vodafone-lte.php\" data-internallinksmanager029f6b8e52c=\"33\" title=\"Vodafone LTE- und 5G-Tarife zeigen\">Vodafone<\/a>, <a href=\"https:\/\/www.lte-anbieter.info\/lte-provider\/congstar\/congstar-lte.php\" data-internallinksmanager029f6b8e52c=\"37\" title=\"Congstar Tarife zeigen\">congstar<\/a>, <a href=\"https:\/\/www.lte-anbieter.info\/lte-provider\/o2\/o2-lte.php\" data-internallinksmanager029f6b8e52c=\"34\" title=\"O2 LTE- und 5G-Tarife zeigen\">O2<\/a> und die <a href=\"https:\/\/www.lte-anbieter.info\/lte-provider\/telekom\/telekom-lte.php\" data-internallinksmanager029f6b8e52c=\"32\" title=\"LTE- und 5G-Tarife der Deutschen Telekom zeigen\">Deutsche Telekom<\/a>. Los geht es bereits ab rund 20 Euro im Monat, abh\u00e4ngig vom ben\u00f6tigten bzw. gew\u00fcnschten monatlichen Inklusiv-Datenvolumen. Doch dazu sp\u00e4ter mehr&#8230;<\/p>\n<h2>station\u00e4re 4G-Anschl\u00fcsse ohne Vertrag<\/h2>\n<p>Doch zur\u00fcck zur Ausgangsfrage: Die meisten Angebote derart weisen regul\u00e4r eine Mindestvertragslaufzeit von zwei Jahren auf. Nicht jeder will sich aber bekanntlich solange binden oder zun\u00e4chst erstmal nur unverbindlich die Tauglichkeit im Alltag pr\u00fcfen. Alle genannten Provider haben daher spezielle, flexible Varianten im Angebot, die mit <strong>&#8222;Flex&#8220;<\/strong> oder <strong>&#8222;Flexi&#8220;<\/strong> gekennzeichnet werden. Je nach Anbieter unterscheiden sich diese aber in einigen Aspekten, so dass wir folgend einzeln die Besonderheiten kurz beschreiben.<\/p>\n<p>&nbsp;<\/p>\n<div class=\"highlight2\">Station\u00e4re Internetzug\u00e4nge per 4G gibt es auch ohne lange Laufzeiten \u2013 meist gekennzeichnet mit dem Zusatz \u201eFLEX\u201c. Von Anbieter zu Anbieter gibt es aber Unterschiede bei Abrechnung und anderen Aspekten&#8230;<\/div>\n<p>&nbsp;<\/p>\n<p><strong>Vodafone:<\/strong> Die \u201enormalen\u201c <a href=\"https:\/\/www.lte-anbieter.info\/daheim\/vodafone-gigacube.php\" data-internallinksmanager029f6b8e52c=\"22\" title=\"alles zum Vodafone Gigacube Angebot sowie den Tarifen erfahren\">Gigacube-Tarife<\/a> von Vodafone haben alle eine Vertragslaufzeit von 2 Jahren. Nur \u201eGigacube Flex\u201c steht hier au\u00dfen vor. Rein rechtlich gesehen gilt zwar auch hier eine 24-monatige Laufzeit, doch spielt dies im Alltag keine Rolle f\u00fcr den Kunden. Denn die Grundgeb\u00fchr in H\u00f6he von 51.99 \u20ac wird nur f\u00fcr die Monate berechnet, in denen man den Gigacube auch nutzt! Plus dem ersten Monat nach Bestellung. Ansonsten passiert nichts! Wer den Flex-Tarif haben m\u00f6chte, kann diesen hier <a href=\"https:\/\/www.lte-anbieter.info\/details\/gigacubeflex\" rel=\"noopener nofollow\" target=\"_blank\">auf www.vodafone.de\/gigacubeflex<\/a> online ordern.<\/p>\n<p>&nbsp;<\/p>\n<p><strong>Congstar:<\/strong> Die Homespot-Paket von congstar, bieten f\u00fcr Wohnung oder B\u00fcro bis zu 50 MBit im exzellenten Telekom-Netz \u00fcber LTE oder 5G. Schnellere 100 MBit\/s sind f\u00fcr einen kleinen Aufpreis von 3 \u20ac monatlich ebenfalls nutzbar. Der Anbieter geht aber beim Thema &#8222;Flex&#8220; etwas andere Wege wie die Konkurrenz. Einerseits k\u00f6nnen die normalen Vertragsvarianten bis zu 181 Tage im Jahr (bei Bedarf) pausiert werden. Oder aber man bestellt den Homepsot-Tarif seiner Wahl einfach ohne Mindestlaufzeit. Dann betr\u00e4gt die K\u00fcndigungsfrist nur 1 Monat. Hier unterscheidet sich das \u201eFlex\u201c Konzept also deutlich von dem der Telekom oder Vodafone. Interessenten k\u00f6nnen die Angebote hier unter <a href=\"https:\/\/www.lte-anbieter.info\/details\/congstarhomespot\" rel=\"noopener nofollow\" target=\"_blank\">www.congstar.de\/homespot<\/a> ordern.<\/p>\n<p>&nbsp;<\/p>\n<p><strong>O2:<\/strong> Die Variante bei O2 Telef\u00f3nica nennt sich ebenfalls \u201eHomespot\u201c. Gemeint sind die \u201eHome&#8220; Tarife in Verbindung mit dem <a href=\"https:\/\/www.lte-anbieter.info\/daheim\/o2-zuhause-4g.php\" data-internallinksmanager029f6b8e52c=\"21\" title=\"alles zu den O2-Homespot Tarifen erfahren\">O2 Homespot<\/a>-Router. Diese sind wahlweise auch ohne Laufzeit bestellbar und erhalten dann den g\u00e4ngigen Zusatz &#8222;Flex&#8220;. Zum Beispiel &#8222;O2 Home S Flex&#8220;. Bestellung <a href=\"https:\/\/www.lte-anbieter.info\/details\/myhome\" rel=\"noopener nofollow\" target=\"_blank\">unter www.o2online.de\/home<\/a>. Zudem bietet der Anbieter noch <a href=\"https:\/\/www.lte-anbieter.info\/tarife\/o2\/o2-datentarife.php\">vier reine Datentarife<\/a>, die sich innerhalb Deutschlands und auf Reisen in der EU einsetztn lassen. Wahlweise mit 1-monatiger K\u00fcndigungsfrist&#8230;<\/p>\n<p>&nbsp;<\/p>\n<p><strong>Freenet:<\/strong> Das Angebot &#8222;Freenet Internet&#8220; bietet satte 400 GB monatlich f\u00fcr den Gebrauch zuhause im LTE- oder 5G-Router. Erfreulicher Weise kann man den Tarif aber auch unterwegs \u00fcberall in Deutschland nutzen. Es gibt also keine regionale Limitierung. EU-Roaming ist allerdings nicht enthalten, so dass das Angebot leider nicht f\u00fcr den Auslandsurlaub taugt. Eine Mindestvertragslaufzeit ist nicht vorgesehen, Sie k\u00f6nnen also jederzeit k\u00fcndigen. Den Tarif gibt es schon f\u00fcr knapp 40 \u20ac aber nur auf einem bestimmten Bestellweg! Wie und alle weiteren Details, erfahren Sie <a href=\"https:\/\/www.lte-anbieter.info\/daheim\/freenet\/freenet-internet-lte.php\">hier<\/a>.<\/p>\n<p>&nbsp;<\/p>\n<p><strong>Dt. Telekom:<\/strong> Das Pendant zu Vodafone hei\u00dft bei der Telekom \u201eMagentaMobil <a href=\"https:\/\/www.lte-anbieter.info\/daheim\/telekom-speedbox.php\" data-internallinksmanager029f6b8e52c=\"19\" title=\"mehr zu den Speedbox Tarifen der Telekom\">Speedbox<\/a>\u201c. Der Tarif, mit gleichnamigem Router, bietet 100 bis 400 GB monatlich \u00fcber Funk. Die Variante \u201eMagentaMobil Speedbox Flex\u201c berechnet ebenfalls nur dann, wenn der Tarif zum Einsatz kam. Dann fallen 44.95 \u20ac f\u00fcr 31 Tage mit 100 GB Datenvolumen an. Bestellbar hier <a href=\"https:\/\/www.lte-anbieter.info\/details\/speedbox\" rel=\"noopener nofollow\" target=\"_blank\">auf www.telekom.de\/speedbox<\/a>.<\/p>\n<p>&nbsp;<\/p>\n<p>Hier nochmal alle Angebote ohne feste Laufzeit mit den wichtigsten Eckdaten im \u00dcberblick.<\/p>\n<p>&nbsp;<\/p>\n\n<table id=\"tablepress-49\" class=\"tablepress tablepress-id-49\">\n<thead>\n<tr class=\"row-1\">\n\t<th class=\"column-1\">Anbieter \/ Tarif<\/th><th class=\"column-2\">Gigacube Flex<\/th><th class=\"column-3\">Speedbox Flex<\/th><th class=\"column-4\">Homespot Flex<\/th><th class=\"column-5\">O2 Home Flex<\/th>\n<\/tr>\n<\/thead>\n<tbody class=\"row-striping row-hover\">\n<tr class=\"row-2\">\n\t<td class=\"column-1\">angeboten von<\/td><td class=\"column-2\">Vodafone<\/td><td class=\"column-3\">Dt. Telekom<\/td><td class=\"column-4\">congstar<\/td><td class=\"column-5\">O2 Telefonica<\/td>\n<\/tr>\n<tr class=\"row-3\">\n\t<td class=\"column-1\">Downloadspeed bis<\/td><td class=\"column-2\">500 MBit\/s<\/td><td class=\"column-3\">300 MBit\/s<\/td><td class=\"column-4\">50-100 MBit\/s<\/td><td class=\"column-5\">100 MBit\/s<\/td>\n<\/tr>\n<tr class=\"row-4\">\n\t<td class=\"column-1\">Datenvolumen<\/td><td class=\"column-2\">200 GB \/ Monat<\/td><td class=\"column-3\">100 GB \/ Monat<\/td><td class=\"column-4\">100-400 GB \/ Monat<\/td><td class=\"column-5\">unlimited<\/td>\n<\/tr>\n<tr class=\"row-5\">\n\t<td class=\"column-1\">Abrechnung<\/td><td class=\"column-2\">nur genutzte Monate<\/td><td class=\"column-3\">nur genutzte Monate<\/td><td class=\"column-4\">bis K\u00fcndigung oder Pausierung<\/td><td class=\"column-5\">pro Monat<\/td>\n<\/tr>\n<tr class=\"row-6\">\n\t<td class=\"column-1\">Nutzung (transportabel)<\/td><td class=\"column-2\">bundesweit (ja)<\/td><td class=\"column-3\">bundesweit (ja)<\/td><td class=\"column-4\">bundesweit (ja)<\/td><td class=\"column-5\">Heimadresse (nein)<\/td>\n<\/tr>\n<tr class=\"row-7\">\n\t<td class=\"column-1\">Nutzung im Ausland<\/td><td class=\"column-2\">nein<\/td><td class=\"column-3\">nein<\/td><td class=\"column-4\">nein<\/td><td class=\"column-5\">nein<\/td>\n<\/tr>\n<tr class=\"row-8\">\n\t<td class=\"column-1\">Router<\/td><td class=\"column-2\">Gigacube-Router<\/td><td class=\"column-3\">Speedbox Router<\/td><td class=\"column-4\">Homespot-Router<\/td><td class=\"column-5\">O2 Homespot Router<\/td>\n<\/tr>\n<tr class=\"row-9\">\n\t<td class=\"column-1\">Preis pro (genutzter) Monat<\/td><td class=\"column-2\">51.99 \u20ac<\/td><td class=\"column-3\">44.95 \u20ac<\/td><td class=\"column-4\">20-40 \u20ac <\/td><td class=\"column-5\">ab 34.99 \u20ac<\/td>\n<\/tr>\n<tr class=\"row-10\">\n\t<td class=\"column-1\">Unsere Bewertung<\/td><td class=\"column-2\">5\/5 Punkten<\/td><td class=\"column-3\">4\/5 Punkten<\/td><td class=\"column-4\">5\/5 Punkten<\/td><td class=\"column-5\">5\/5 Punkten<\/td>\n<\/tr>\n<\/tbody>\n<tfoot>\n<tr class=\"row-11\">\n\t<th class=\"column-1\">zum Anbieter<\/th><th class=\"column-2\">&raquo; <a href=\"https:\/\/www.lte-anbieter.info\/details\/gigacubeflex\" target=\"_blank\" rel=\"nofollow noopener\">zu Vodafone<\/a><\/th><th class=\"column-3\">&raquo; <a href=\"https:\/\/www.lte-anbieter.info\/details\/speedbox\" target=\"_blank\" rel=\"nofollow noopener\">zur Telekom<\/a><\/th><th class=\"column-4\">&raquo; <a href=\"https:\/\/www.lte-anbieter.info\/details\/congstarhomespot\" target=\"_blank\" rel=\"nofollow noopener\">zu congstar<\/a><\/th><th class=\"column-5\">&raquo; <a href=\"https:\/\/www.lte-anbieter.info\/details\/myhome\" target=\"_blank\" rel=\"nofollow noopener\">zu O2<\/a><\/th>\n<\/tr>\n<\/tfoot>\n<\/table>\n<!-- #tablepress-49 from cache -->\n<h2>Wie sieht es auch mit Prepaid?<\/h2>\n<p>Prepaid bedeutet ja, dass man beim Anbieter seiner Wahl eine Art Guthabenkonto aufbauen kann und dann wird nur bei der Benutzung ein Betrag X f\u00fcr die Grundgeb\u00fchr oder Minuteneinheiten\/SMS abgebucht. Das gibt es in derart f\u00fcr LTE-Heimtarife nicht. Die Flex-Varianten von der Telekom und Vodafone \u00e4hneln aber in gewisser Weise am ehesten dem was man unter Prepaid versteht&#8230;<\/p>\n<h2>Interessantes zum Thema:<\/h2>\n<p>&raquo; <a href=\"https:\/\/www.lte-anbieter.info\/daheim\/lte-zuhause.php\">alles \u00fcber LTE f\u00fcr zuhause erfahren<\/a><br \/>\n&raquo; <a href=\"https:\/\/www.lte-anbieter.info\/lte-provider\/congstar\/homespot-lte.php\">mehr \u00fcber congstar Homespot<\/a><br \/>\n&raquo; <a href=\"https:\/\/www.lte-anbieter.info\/daheim\/telekom-speedbox.php\">mehr Infos zu Telekoms Speedbox Tarifen<\/a><br \/>\n&raquo; <a href=\"https:\/\/www.lte-anbieter.info\/daheim\/vodafone-gigacube.php\">mehr \u00fcber die Gigacube-Tarife erfahren<\/a><br \/>\n&raquo; <a href=\"https:\/\/www.lte-anbieter.info\/daheim\/o2-zuhause-4g.php\">mehr zu den my Home Tarifen erfahren<\/a><br \/>\n&raquo; <a href=\"https:\/\/www.lte-anbieter.info\/lte-news\/lte-fuer-zuhause-mit-telefon\">Gibts Heim LTE auch mit Telefon?<\/a><br \/>\n&raquo; <a href=\"https:\/\/www.lte-anbieter.info\/lte-news\/internet-ohne-vertrag-ratgeber\">Internet ohne Vertrag &#8211; welche M\u00f6glichkeiten gibt es?<\/a><\/p>\n<p>&nbsp;<\/p>\n<div style='text-align:center' class='yasr-auto-insert-visitor'><\/div>","protected":false},"excerpt":{"rendered":"<p>&nbsp; &nbsp; 4G\/LTE als Festnetzalternative erfreut sich immer gr\u00f6\u00dferer Beliebtheit. Spezielle, station\u00e4re Tarife erm\u00f6glichen preiswertes, flottes Highspeed-Internet f\u00fcr fast jeden Einsatzort! Zudem ohne Wartezeit auf Techniker und Schaltungstermine. Doch gibt\u2019s die Angebote eigentlich auch ohne Mindestvertragslaufzeit von 2 Jahren? Oder gar als Prepaid-Variante? Wir zeigen, welche Anbieter 4G bzw. 5G f\u00fcr Zuhause ohne Vertrag bieten, [&hellip;]<\/p>\n","protected":false},"author":1,"featured_media":0,"parent":0,"menu_order":0,"comment_status":"closed","ping_status":"closed","template":"","meta":{"yasr_overall_rating":0,"yasr_post_is_review":"yes","yasr_auto_insert_disabled":"","yasr_review_type":"CreativeWorkSeries","iawp_total_views":4089,"footnotes":""},"class_list":["post-32783","page","type-page","status-publish","hentry"],"yasr_visitor_votes":{"stars_attributes":{"read_only":false,"span_bottom":false},"number_of_votes":25,"sum_votes":90},"jetpack_shortlink":"https:\/\/wp.me\/POOxv-8wL","_links":{"self":[{"href":"https:\/\/www.lte-anbieter.info\/lte-news\/wp-json\/wp\/v2\/pages\/32783","targetHints":{"allow":["GET"]}}],"collection":[{"href":"https:\/\/www.lte-anbieter.info\/lte-news\/wp-json\/wp\/v2\/pages"}],"about":[{"href":"https:\/\/www.lte-anbieter.info\/lte-news\/wp-json\/wp\/v2\/types\/page"}],"author":[{"embeddable":true,"href":"https:\/\/www.lte-anbieter.info\/lte-news\/wp-json\/wp\/v2\/users\/1"}],"replies":[{"embeddable":true,"href":"https:\/\/www.lte-anbieter.info\/lte-news\/wp-json\/wp\/v2\/comments?post=32783"}],"version-history":[{"count":5,"href":"https:\/\/www.lte-anbieter.info\/lte-news\/wp-json\/wp\/v2\/pages\/32783\/revisions"}],"predecessor-version":[{"id":44397,"href":"https:\/\/www.lte-anbieter.info\/lte-news\/wp-json\/wp\/v2\/pages\/32783\/revisions\/44397"}],"wp:attachment":[{"href":"https:\/\/www.lte-anbieter.info\/lte-news\/wp-json\/wp\/v2\/media?parent=32783"}],"curies":[{"name":"wp","href":"https:\/\/api.w.org\/{rel}","templated":true}]}}