{"id":33147,"date":"2026-04-03T10:05:56","date_gmt":"2026-04-03T08:05:56","guid":{"rendered":"https:\/\/www.lte-anbieter.info\/lte-news\/?page_id=33147"},"modified":"2026-04-04T11:20:02","modified_gmt":"2026-04-04T09:20:02","slug":"welches-netz-hat-jamobile","status":"publish","type":"page","link":"https:\/\/www.lte-anbieter.info\/lte-news\/welches-netz-hat-jamobile","title":{"rendered":"Welches Netz hat eigentlich ja!Mobile &#038; Pennymobil?"},"content":{"rendered":"<p>&nbsp;<\/p>\n<p>Der Lebensmitteldiscounter Rewe ist f\u00fcr seine g\u00fcnstige Ja! Eigenmarke wohl den meisten Lesern bekannt. Doch nicht nur Lebensmittel vertreibt das Unternehmen dar\u00fcber, sondern auch ein eigenes Prepaid Mobilfunk-Angebot namens \u201eJa!Mobil\u201c. Das ist zudem mit Pennymobil identisch! Und das hat es durchaus in sich und kann es mit Aldi &#038; Co. aufnehmen. Wir zeigen, welches Netz man erh\u00e4lt und wie gut dieses ist.<!--more--><\/p>\n<p>&nbsp;<\/p>\n<p><img decoding=\"async\" src=\"https:\/\/www.lte-anbieter.info\/lte-news\/wp-content\/uploads\/2026\/04\/pennymobil.webp\" alt=\"Pennymobil\" fetchpriority=\"high\"><\/p>\n<p>&nbsp;<\/p>\n<h2>Mobilfunknetz von ja!mobil<\/h2>\n<p>Genau genommen betreibt REWE nat\u00fcrlich selbst kein Mobilfunknetz. Vielmehr mietet man sich -genau wie Aldi, Lidl oder Netto- bei einem der drei gro\u00dfen deutschen Netzbetreiber ein. Im Fall von Ja! Ist dies die <a href=\"https:\/\/www.lte-anbieter.info\/lte-provider\/telekom\/telekom-lte.php\" data-internallinksmanager029f6b8e52c=\"32\" title=\"LTE- und 5G-Tarife der Deutschen Telekom zeigen\">Deutsche Telekom<\/a> (<strong>D1<\/strong>). Lidl setzt \u00fcbrigens auf <a href=\"https:\/\/www.lte-anbieter.info\/lte-provider\/vodafone\/vodafone-lte.php\" data-internallinksmanager029f6b8e52c=\"33\" title=\"Vodafone LTE- und 5G-Tarife zeigen\">Vodafone<\/a> und Aldi hat <a href=\"https:\/\/www.lte-anbieter.info\/lte-provider\/o2\/o2-lte.php\" data-internallinksmanager029f6b8e52c=\"34\" title=\"O2 LTE- und 5G-Tarife zeigen\">O2<\/a> als Partner. Wissenswert ist auch: Im Zuge der Tarif- und Vertragsabwicklung von ja!mobil kommt die Tochter \u201e<a href=\"https:\/\/www.lte-anbieter.info\/lte-provider\/congstar\/congstar-lte.php\">congstar<\/a>\u201c auf.<\/p>\n<h2>Wie ist die Netzqualit\u00e4t und Abdeckung?<\/h2>\n<p>Das Funknetz der Deutschen Telekom geh\u00f6rt bundesweit zu den Besten \u00fcberhaupt. Bei unabh\u00e4ngigen Tests, wie von der Computerbild, Connect oder Stiftung Warentest, gewannen die Bonner in den letzten Jahren sogar stets und belegten den 1. Platz vor Vodafone und O2. Sie surfen also mit Premiumqualit\u00e4t zum kleinen Preis. Wer sich selbst ein Bild von der LTE-Abdeckung des Mobilnetzes machen m\u00f6chte, sollte hier <a href=\"https:\/\/www.lte-anbieter.info\/details\/tmobileVerf\" rel=\"noopener nofollow\" target=\"_blank\">ein Blick auf die Ausbaukarte der Telekom werfen<\/a>.<\/p>\n<h2>Habe ich 5G \/ LTE bei ja!mobil und wie schnell ist das?<\/h2>\n<div class=\"pic_r\"><img decoding=\"async\" src=\"https:\/\/www.lte-anbieter.info\/lte-news\/wp-content\/uploads\/2023\/01\/ja-netz.webp\" alt=\"Wertung Mobilfunknetz von Ja!Mobil\" width=\"220\" loading=\"lazy\"><\/div>\n<p>Mittlerweile profitieren endlich auch alle Prepaidkunden von der 4. Mobilfunkgeneration. S\u00e4mtliche <a href=\"https:\/\/www.lte-anbieter.info\/allnet\/tarifvergleich.php\" data-internallinksmanager029f6b8e52c=\"5\" title=\"aktuelle Allnetflat-Tarife vergleichen\">Allnetflat<\/a>-Pakete und Internetoptionen liefern bestes LTE im Telekom-Netz mit bis zu 50 MBit\/s. Das ist zwar deutlich weniger als technisch m\u00f6glich ist (300 MBit\/s), doch langt diese Datenrate im Alltag in der Regel v\u00f6llig aus. Zudem kosten Vertragstarife bei der Telekom deutlich mehr und haben eine Mindestlaufzeit. <\/p>\n<p>&nbsp;<\/p>\n<p>Auch <a href=\"https:\/\/www.lte-anbieter.info\/5g\/\" data-internallinksmanager029f6b8e52c=\"73\" title=\"alles zum LTE-Nachfolger 5G\">5G<\/a> gibts bei ja!Mobil nat\u00fcrlich, an der Geschwindigkeit \u00e4ndert das allerdings nichts! H\u00f6chstens die Latenzzeit kann \u00fcber 5G deutlich niedriger ausfallen.<\/p>\n<h2>Wie stehts mit Voice over LTE, WIFI-Telefonie und eSIM?<\/h2>\n<p>Ja!Mobil Kunden surfen nicht nur im ausgezeichneten Telekomnetz. Sie profitieren auch von modernen Netzdiensten, wie <a href=\"https:\/\/www.lte-anbieter.info\/volte\/\" data-internallinksmanager029f6b8e52c=\"7\" title=\"mehr \u00fcber VoLTE (LTE-Telefonie) erfahren\">VoLTE<\/a> und WLAN-Calling. Vorausgesetzt Ihr Smartphone unterst\u00fctzt diese, gibts deutlich bessere Sprachqualit\u00e4t und Abdeckung. Zumal seit Juni 2021 <a href=\"https:\/\/www.lte-anbieter.info\/3g\/\" data-internallinksmanager029f6b8e52c=\"74\" title=\"alles \u00fcber 3G und dessen Abschaltung erfahren\">3G<\/a> im Netz der Telekom abgeschaltet ist. \u00dcbrigens: <a href=\"https:\/\/www.lte-anbieter.info\/ratgeber\/e-sim.php\">eSIM<\/a>s k\u00f6nnen im Bedarfsfall auch bestellt werden.<\/p>\n<h2>Welche Tarife gibt es?<\/h2>\n<p>Alle Angebote, Preise und Konditionen, haben wir f\u00fcr Sie <a href=\"https:\/\/www.lte-anbieter.info\/prepaid\/anbieter\/jamobil.php\">hier zusammengefasst<\/a>.<\/p>\n<h2>Welche Alternativen gibt\u2019s noch im Telekom-Netz<\/h2>\n<p>Neben ja!Mobil gibt es noch einige andere Ausweichm\u00f6glichkeiten. So bietet auch <a href=\"https:\/\/www.lte-anbieter.info\/prepaid\/anbieter\/edeka.php\">Edeka<\/a> und <a href=\"https:\/\/www.lte-anbieter.info\/prepaid\/anbieter\/norma-lte.php\">Norma<\/a> Prepaid im selben Netz. Hinzu kommen etliche weitere Vertragstarife, wie der folgende Tarifvergleich zeigt. <\/p>\n<p>&nbsp;<\/p>\n<p><script type=\"text\/javascript\" src=\"https:\/\/www.tariffuxx.de\/tools\/view\/twl-mobile?tool_id=377\" id=\"twl-mobile-377\"><\/script><br \/>\n<noscript>Bitte aktivieren Sie JavaScript, um den Tarifvergleich zu nutzen.<\/noscript><\/p>\n<p>&nbsp;<\/p>\n<div style='text-align:center' class='yasr-auto-insert-visitor'><\/div>","protected":false},"excerpt":{"rendered":"<p>&nbsp; Der Lebensmitteldiscounter Rewe ist f\u00fcr seine g\u00fcnstige Ja! Eigenmarke wohl den meisten Lesern bekannt. Doch nicht nur Lebensmittel vertreibt das Unternehmen dar\u00fcber, sondern auch ein eigenes Prepaid Mobilfunk-Angebot namens \u201eJa!Mobil\u201c. Das ist zudem mit Pennymobil identisch! Und das hat es durchaus in sich und kann es mit Aldi &#038; Co. aufnehmen. Wir zeigen, welches [&hellip;]<\/p>\n","protected":false},"author":1,"featured_media":0,"parent":0,"menu_order":0,"comment_status":"closed","ping_status":"closed","template":"","meta":{"yasr_overall_rating":0,"yasr_post_is_review":"","yasr_auto_insert_disabled":"","yasr_review_type":"","iawp_total_views":997,"footnotes":""},"class_list":["post-33147","page","type-page","status-publish","hentry"],"yasr_visitor_votes":{"stars_attributes":{"read_only":false,"span_bottom":false},"number_of_votes":2,"sum_votes":10},"jetpack_shortlink":"https:\/\/wp.me\/POOxv-8CD","_links":{"self":[{"href":"https:\/\/www.lte-anbieter.info\/lte-news\/wp-json\/wp\/v2\/pages\/33147","targetHints":{"allow":["GET"]}}],"collection":[{"href":"https:\/\/www.lte-anbieter.info\/lte-news\/wp-json\/wp\/v2\/pages"}],"about":[{"href":"https:\/\/www.lte-anbieter.info\/lte-news\/wp-json\/wp\/v2\/types\/page"}],"author":[{"embeddable":true,"href":"https:\/\/www.lte-anbieter.info\/lte-news\/wp-json\/wp\/v2\/users\/1"}],"replies":[{"embeddable":true,"href":"https:\/\/www.lte-anbieter.info\/lte-news\/wp-json\/wp\/v2\/comments?post=33147"}],"version-history":[{"count":5,"href":"https:\/\/www.lte-anbieter.info\/lte-news\/wp-json\/wp\/v2\/pages\/33147\/revisions"}],"predecessor-version":[{"id":44424,"href":"https:\/\/www.lte-anbieter.info\/lte-news\/wp-json\/wp\/v2\/pages\/33147\/revisions\/44424"}],"wp:attachment":[{"href":"https:\/\/www.lte-anbieter.info\/lte-news\/wp-json\/wp\/v2\/media?parent=33147"}],"curies":[{"name":"wp","href":"https:\/\/api.w.org\/{rel}","templated":true}]}}