{"id":34855,"date":"2026-01-02T11:34:40","date_gmt":"2026-01-02T10:34:40","guid":{"rendered":"https:\/\/www.lte-anbieter.info\/lte-news\/?page_id=34855"},"modified":"2026-04-04T10:40:30","modified_gmt":"2026-04-04T08:40:30","slug":"red-xl-unlimited-bestellen","status":"publish","type":"page","link":"https:\/\/www.lte-anbieter.info\/lte-news\/red-xl-unlimited-bestellen","title":{"rendered":"GigaMobil XL Unlimited bestellen: So gehts"},"content":{"rendered":"<h2>Der unbegrenzte LTE-Tarif von Vodafone<\/h2>\n<p>Der \u00fcberwiegende Teil aller Mobilfunktarife in Deutschland ist, im monatlich verf\u00fcgbaren Datenvolumen, stark beschr\u00e4nkt. Je nach Tarif und Anbieter, stehen einem ca. 1-200 GB pro Monat zur Verf\u00fcgung, welche dann unterwegs am Smartphone oder Tablet verbraucht werden k\u00f6nnen. Im Schnitt sind es momentan um die 25-50 GB f\u00fcr einen guten Vertrag. Danach f\u00e4llt man in die sogenannte Datendrosselung. Ab damit ist der Internetzugang so langsam (16-64 KBit\/s), dass er praktisch nicht mehr genutzt werden kann.<\/p>\n<p>&nbsp;<\/p>\n<p>F\u00fcr Nutzer mit sehr hohen Anspr\u00fcchen, bleibt daher nur der Griff zu einem der wenigen unlimitierten Tarife. <a href=\"https:\/\/www.lte-anbieter.info\/lte-provider\/vodafone\/vodafone-lte.php\" data-internallinksmanager029f6b8e52c=\"33\" title=\"Vodafone LTE- und 5G-Tarife zeigen\">Vodafone<\/a> bietet ebenfalls so ein Paket namens GigaMobil XL. Doch wo kann man den Tarif bestellen?<\/p>\n<h2>So kann man GigaMobil XL Unlimited bestellen<\/h2>\n<div class=\"pic_r\"><img decoding=\"async\" src=\"https:\/\/www.lte-anbieter.info\/lte-news\/wp-content\/uploads\/2022\/08\/vodafone-logo-blog.webp\" alt=\"Vodafone\" width=\"180\"><\/div>\n<p>Lange Zeit hat Vodafone den unlimitierten Tarif tats\u00e4chlich auf der Webseite &#8222;versteckt&#8220;. Nur auf Nachfrage konnte dieser telefonisch bestellt werden &#8211; warum auch immer. Seit der Einf\u00fchrung der neuen GigaMobil-Tarife Mitte 2022 ist das nun endlich anders. Direkt hier auf der <a href=\"https:\/\/www.lte-anbieter.info\/details\/GigaMobilXL\" rel=\"noopener nofollow\" target=\"_blank\">\u00dcbersichtseite der Vertragstarife<\/a>, findet sich die unlimitierte Premium-Variante &#8222;GigaMobil XL&#8220; zusammen mit den anderen Tarifen <a href=\"https:\/\/www.lte-anbieter.info\/lte-news\/gigamobil-xs-vodafone\">GigaMobil XS<\/a>, <a href=\"https:\/\/www.lte-anbieter.info\/lte-news\/gigamobil-s-vodafone-lte-allnetflat-mit-viel-datenvolumen\">S<\/a> und <a href=\"https:\/\/www.lte-anbieter.info\/lte-news\/gigamobil-m\">M<\/a>.<\/p>\n<p>&nbsp;<\/p>\n<div class=\"highlight\">\nDiesen Monat winken f\u00fcr Onlinebesteller \u00fcbrigens interessante Neukundenrabatte, wie z.B. 25 Prozent Rabatt f\u00fcr 2 Jahre. Aktion bis 30.04.2026! &raquo; <a href=\"https:\/\/www.lte-anbieter.info\/details\/GigaMobilXL\" rel=\"noopener nofollow\" target=\"_blank\">zur Bestellung von GigaMobil XL<\/a>.\n<\/div>\n<h2>Mehr Eckdaten zum Tarif<\/h2>\n<p>GigaMobil XL Unlimited bietet neben dem unbegrenzten Internetzugang per LTE (bis 300 MBit\/s) oder <a href=\"https:\/\/www.lte-anbieter.info\/5g\/\" data-internallinksmanager029f6b8e52c=\"73\" title=\"alles zum LTE-Nachfolger 5G\">5G<\/a> (>1.000 MBit\/s m\u00f6glich) nat\u00fcrlich auch noch eine Telefonie- und SMS Flat. Stolze Besitzer k\u00f6nnen die Vorteile per EU-Roaming auch innerhalb der Europ\u00e4ischen Union nutzen. Allerdings reduziert sich das monatliche Volumen im Ausland auf 105 Gigabyte. Der monatliche Preis betr\u00e4gt <strike>79.99 \u20ac<\/strike> 69.99 \u20ac.<\/p>\n<h2>Alternative Angebote<\/h2>\n<p>Wer GigaMobil XL Unlimited doch nicht bestellen m\u00f6chte, sollte einen Blick auf die anderen Alternativen werfen, die es gibt. Teils sind diese deutlich billiger. Welche M\u00f6glichkeiten der Markt aktuell bietet, <a href=\"https:\/\/www.lte-anbieter.info\/lte-news\/unbegrenzte-lte-flat-anbieter\">zeigen wir hier<\/a>.<\/p>\n<p>&nbsp;<\/p>\n<div style='text-align:center' class='yasr-auto-insert-visitor'><\/div>","protected":false},"excerpt":{"rendered":"<p>Der unbegrenzte LTE-Tarif von Vodafone Der \u00fcberwiegende Teil aller Mobilfunktarife in Deutschland ist, im monatlich verf\u00fcgbaren Datenvolumen, stark beschr\u00e4nkt. Je nach Tarif und Anbieter, stehen einem ca. 1-200 GB pro Monat zur Verf\u00fcgung, welche dann unterwegs am Smartphone oder Tablet verbraucht werden k\u00f6nnen. Im Schnitt sind es momentan um die 25-50 GB f\u00fcr einen guten [&hellip;]<\/p>\n","protected":false},"author":1,"featured_media":0,"parent":0,"menu_order":0,"comment_status":"closed","ping_status":"closed","template":"","meta":{"yasr_overall_rating":0,"yasr_post_is_review":"","yasr_auto_insert_disabled":"","yasr_review_type":"","iawp_total_views":183,"footnotes":""},"class_list":["post-34855","page","type-page","status-publish","hentry"],"yasr_visitor_votes":{"stars_attributes":{"read_only":false,"span_bottom":false},"number_of_votes":2,"sum_votes":7},"jetpack_shortlink":"https:\/\/wp.me\/POOxv-94b","_links":{"self":[{"href":"https:\/\/www.lte-anbieter.info\/lte-news\/wp-json\/wp\/v2\/pages\/34855","targetHints":{"allow":["GET"]}}],"collection":[{"href":"https:\/\/www.lte-anbieter.info\/lte-news\/wp-json\/wp\/v2\/pages"}],"about":[{"href":"https:\/\/www.lte-anbieter.info\/lte-news\/wp-json\/wp\/v2\/types\/page"}],"author":[{"embeddable":true,"href":"https:\/\/www.lte-anbieter.info\/lte-news\/wp-json\/wp\/v2\/users\/1"}],"replies":[{"embeddable":true,"href":"https:\/\/www.lte-anbieter.info\/lte-news\/wp-json\/wp\/v2\/comments?post=34855"}],"version-history":[{"count":5,"href":"https:\/\/www.lte-anbieter.info\/lte-news\/wp-json\/wp\/v2\/pages\/34855\/revisions"}],"predecessor-version":[{"id":44117,"href":"https:\/\/www.lte-anbieter.info\/lte-news\/wp-json\/wp\/v2\/pages\/34855\/revisions\/44117"}],"wp:attachment":[{"href":"https:\/\/www.lte-anbieter.info\/lte-news\/wp-json\/wp\/v2\/media?parent=34855"}],"curies":[{"name":"wp","href":"https:\/\/api.w.org\/{rel}","templated":true}]}}