{"id":34877,"date":"2026-02-03T10:30:47","date_gmt":"2026-02-03T09:30:47","guid":{"rendered":"https:\/\/www.lte-anbieter.info\/lte-news\/?page_id=34877"},"modified":"2026-02-04T12:48:54","modified_gmt":"2026-02-04T11:48:54","slug":"mobilfunk-tarif-per-app-anbieter","status":"publish","type":"page","link":"https:\/\/www.lte-anbieter.info\/lte-news\/mobilfunk-tarif-per-app-anbieter","title":{"rendered":"Mobilfunktarife per App | alle Anbieter, Vorteile und Kosten"},"content":{"rendered":"<h2>Handytarif-Anbieter, die man nur \u00fcber eine App bekommt<\/h2>\n<div class=\"pic_l_cl\"><img decoding=\"async\" src=\"https:\/\/www.lte-anbieter.info\/lte-news\/wp-content\/uploads\/2026\/02\/app-mobilfunkanbieter.webp\" alt=\"App Mobilfunkanbieter im Vergleich\" fetchpriority=\"high\"><\/div>\n<p>Im Jahr 2019 erschien eine neue Generation von Mobilfunkanbietern. Dessen Angebote waren erstmals nicht \u00fcber die Hotline, im Shop oder Internet bestellbar, sondern nur \u00fcber die dazu obligatorische App. Die Rede ist von <a href=\"https:\/\/www.lte-anbieter.info\/tarife\/tests\/freenet-funk-erfahrungsbericht.php\" data-internallinksmanager029f6b8e52c=\"51\" title=\"Freenet Funk Testbericht und Tarife\">Freenet Funk<\/a>. Seither sind noch einige weitere Anbieter hinzugekommen. Wir zeigen, welche Angebote es gibt, was diese so besonders macht und wieviel sie kosten. Und nat\u00fcrlich f\u00fcr welche Nutzer sich diese besonders lohnen und wer besser Abstand davon h\u00e4lt&#8230;<\/p>\n<h2>Das Prinzip hinter den App-Tarifangeboten<\/h2>\n<p>Gerade j\u00fcngere Leute wickeln heute einen Gro\u00dfteil ihrer Erledigungen \u00fcbers Smartphone ab, genauer gesagt \u00fcber spezielle Apps. Egal ob Bankgesch\u00e4fte, Versicherungen oder Krankenkasse \u2013 so ziemlich alles l\u00e4sst sich heute bekanntlich App-basiert erledigen. Warum also nicht auch der eigene Handy-Tarif? &#8222;Freenet Funk&#8220; war der erste Anbieter, welcher das erkannte und seine komplette Kundenkommunikation auf die hauseigene App verlagerte. Bestellung, Bezahlung, Tarifwechsel, Kundenservice oder K\u00fcndigung \u2013 alles geht <u>nur<\/u> \u00fcber die Freenet-Funk App. Das spart teure Infrastruktur und Mitarbeiter, was sich in g\u00fcnstigeren Preisen bemerkbar macht. Nach dem schlagenden Erfolg des Konzepts, folgten rasch weitere Nachahmer. Mittlerweile drei an der Zahl!<\/p>\n<h2>Mobilfunktarife per App: Das sind die Anbieter<\/h2>\n<p>Aktuell (2026) gibt es drei verschiedene Handytarif-Anbieter per App. Einmal die schon erw\u00e4hnte <a href=\"https:\/\/www.lte-anbieter.info\/tarife\/tests\/freenet-funk-erfahrungsbericht.php\">Freenet Funk<\/a>, <a href=\"https:\/\/www.lte-anbieter.info\/tarife\/tests\/freenet-flex-erfahrungsbericht.php\">Freenet Flex<\/a> und <a href=\"https:\/\/www.lte-anbieter.info\/tarife\/tests\/fraenk-erfahrungsbericht.php\">Fraenk<\/a>. Bei letzterem handelt es sich um die &#8222;App-Sparte&#8220; der Deutschen Telekom. Interessenten k\u00f6nnen daher mittlerweile <u>aus allen drei Netzanbietern w\u00e4hlen<\/u>. Dazu folgend mehr.<\/p>\n<p>&nbsp;<\/p>\n<p><strong><u>Freenet Funk:<\/u><\/strong> Bei Freenet Funk stellt <a href=\"https:\/\/www.lte-anbieter.info\/lte-provider\/o2\/o2-lte.php\" data-internallinksmanager029f6b8e52c=\"34\" title=\"O2 LTE- und 5G-Tarife zeigen\">O2<\/a> das Mobilfunknetz bereit. Das Angebot ist \u00e4u\u00dferst beliebt, da man hier f\u00fcr rund 30 \u20ac monatlich (t\u00e4glich 99 Cent) eine unlimitierte Datenflatrate mit 300 MBit + LTE\/<a href=\"https:\/\/www.lte-anbieter.info\/5g\/\" data-internallinksmanager029f6b8e52c=\"73\" title=\"alles zum LTE-Nachfolger 5G\">5G<\/a> + Sprachflat erh\u00e4lt. Das macht den Anbieter bisher einzigartig. Im letzten <a href=\"https:\/\/www.lte-anbieter.info\/tarife\/tests\/freenet-funk-erfahrungsbericht.php\">Testbericht von Ende 2025<\/a> konnten wir sogar \u00fcber 500 MBit\/s mit dem Tarif erzielen. Eine Mindestvertragslaufzeit gibt es ebenfalls nicht. Wer mit 50 MBit zufrieden ist, kann sogar noch mehr sparen und den Monatstarif f\u00fcr 19.99 \u20ac buchen. &raquo; <a href=\"https:\/\/www.lte-anbieter.info\/details\/freenetfunk\" rel=\"noopener nofollow\" target=\"_blank\">hier gehts zur Freenet Funk App<\/a><\/p>\n<p>&nbsp;<\/p>\n<p><strong><u><a href=\"https:\/\/www.lte-anbieter.info\/tarife\/tests\/fraenk-erfahrungsbericht.php\" data-internallinksmanager029f6b8e52c=\"49\" title=\"Fraenk Tarife hier vergleichen\">Fraenk<\/a>:<\/u><\/strong> Bei Fraenk surfen und telefonieren Sie im Testsiegernetz der <a href=\"https:\/\/www.lte-anbieter.info\/lte-provider\/telekom\/telekom-lte.php\" data-internallinksmanager029f6b8e52c=\"32\" title=\"LTE- und 5G-Tarife der Deutschen Telekom zeigen\">Dt. Telekom<\/a>. Nat\u00fcrlich ebenfalls mit LTE und 5G bis zu 50 MBit\/s. Der App-Mobilfunkanbieter stellt zwei Tarife bereit: Entweder 20 GB f\u00fcr 10 \u20ac oder stattliche 45 GB f\u00fcr 15 \u20ac im Monat. Abermals k\u00f6nnen Kunden jederzeit k\u00fcndigen bzw. wechseln. &raquo; <a href=\"https:\/\/www.lte-anbieter.info\/details\/fraenk\" rel=\"noopener nofollow\" target=\"_blank\">hier gehts zur Fraenk App<\/a><\/p>\n<p>&nbsp;<\/p>\n<p><strong><u><a href=\"https:\/\/www.lte-anbieter.info\/tarife\/tests\/freenet-flex-erfahrungsbericht.php\" data-internallinksmanager029f6b8e52c=\"50\" title=\"Freenet Flex Testbericht und Tarife\">Freenet Flex<\/a>:<\/u><\/strong> Das Angebot wird auch unter der Dachmarke Freenet gef\u00fchrt. Hier zeichnet sich aber <a href=\"https:\/\/www.lte-anbieter.info\/lte-provider\/vodafone\/vodafone-lte.php\" data-internallinksmanager029f6b8e52c=\"33\" title=\"Vodafone LTE- und 5G-Tarife zeigen\">Vodafone<\/a> f\u00fcr die Netzversorgung verantwortlich. Man surft im ausgezeichneten Vodafone LTE-Netz mit bis zu 50 MBit\/s. 5G gibt es leider immernoch nicht. Nutzer k\u00f6nnen zwischen drei Tarifen mit einem Datenvolumen von 7 bis 20 GB monatlich w\u00e4hlen. Auch Flex dr\u00e4ngt seinen Kunden keine Mindestlaufzeit auf.<br \/>&raquo; <a href=\"https:\/\/www.lte-anbieter.info\/details\/freenetflex\" rel=\"noopener nofollow\" target=\"_blank\">hier gehts zur Freenet Flex App<\/a><\/p>\n<p>&nbsp;<\/p>\n\n<table id=\"tablepress-54\" class=\"tablepress tablepress-id-54\">\n<thead>\n<tr class=\"row-1\">\n\t<th class=\"column-1\">Anbieter<\/th><th class=\"column-2\">Freenet Funk<\/th><th class=\"column-3\">Freenet Flex<\/th><th class=\"column-4\">Fraenk<\/th>\n<\/tr>\n<\/thead>\n<tbody class=\"row-striping row-hover\">\n<tr class=\"row-2\">\n\t<td class=\"column-1\">Netzanbieter<\/td><td class=\"column-2\">O2 Telef\u00f3nica<\/td><td class=\"column-3\">Vodafone<\/td><td class=\"column-4\">Dt. Telekom<\/td>\n<\/tr>\n<tr class=\"row-3\">\n\t<td class=\"column-1\">Tariftyp<\/td><td class=\"column-2\">Postpaid<\/td><td class=\"column-3\">Postpaid<\/td><td class=\"column-4\">Postpaid<\/td>\n<\/tr>\n<tr class=\"row-4\">\n\t<td class=\"column-1\">LTE | 5G<\/td><td class=\"column-2\">ja | ja<\/td><td class=\"column-3\">ja | nein<\/td><td class=\"column-4\">ja | ja<\/td>\n<\/tr>\n<tr class=\"row-5\">\n\t<td class=\"column-1\">Download bis<\/td><td class=\"column-2\">50-300 MBit\/s<\/td><td class=\"column-3\">50 MBit\/s<\/td><td class=\"column-4\">50 MBit\/s<\/td>\n<\/tr>\n<tr class=\"row-6\">\n\t<td class=\"column-1\">Upload bis<\/td><td class=\"column-2\">25-50 MBit\/s<\/td><td class=\"column-3\">25 MBit\/s<\/td><td class=\"column-4\">25 MBit\/s<\/td>\n<\/tr>\n<tr class=\"row-7\">\n\t<td class=\"column-1\">Tarifvarianten<\/td><td class=\"column-2\">2<\/td><td class=\"column-3\">3<\/td><td class=\"column-4\">2<\/td>\n<\/tr>\n<tr class=\"row-8\">\n\t<td class=\"column-1\">Datenvolumen <\/td><td class=\"column-2\">unendlich<\/td><td class=\"column-3\">7 - 20 GB<\/td><td class=\"column-4\">20-45 GB<\/td>\n<\/tr>\n<tr class=\"row-9\">\n\t<td class=\"column-1\">Telefon\/SMS Allnetflat<\/td><td class=\"column-2\">ja<\/td><td class=\"column-3\">ja<\/td><td class=\"column-4\">ja<\/td>\n<\/tr>\n<tr class=\"row-10\">\n\t<td class=\"column-1\">EU-Roaming<\/td><td class=\"column-2\">inklusive<\/td><td class=\"column-3\">inklusive<\/td><td class=\"column-4\">inklusive<\/td>\n<\/tr>\n<tr class=\"row-11\">\n\t<td class=\"column-1\">VoLTE | Wificalling<\/td><td class=\"column-2\">ja | ja<\/td><td class=\"column-3\">ja | nein<\/td><td class=\"column-4\">ja | ja<\/td>\n<\/tr>\n<tr class=\"row-12\">\n\t<td class=\"column-1\">Tethering erlaubt<\/td><td class=\"column-2\">ja<\/td><td class=\"column-3\">ja<\/td><td class=\"column-4\">ja<\/td>\n<\/tr>\n<tr class=\"row-13\">\n\t<td class=\"column-1\">eSIM | Multi-SIM<\/td><td class=\"column-2\">eSIM only | nein<\/td><td class=\"column-3\">nein | nein<\/td><td class=\"column-4\">ja | nein<\/td>\n<\/tr>\n<tr class=\"row-14\">\n\t<td class=\"column-1\">Zahlungsoptionen<\/td><td class=\"column-2\">Paypal\/SEPA<\/td><td class=\"column-3\">nur Paypal<\/td><td class=\"column-4\">nur Paypal<\/td>\n<\/tr>\n<tr class=\"row-15\">\n\t<td class=\"column-1\">Kundenservice \u00fcber<\/td><td class=\"column-2\">Whatsapp<\/td><td class=\"column-3\">WhatsApp<\/td><td class=\"column-4\">App Chat<\/td>\n<\/tr>\n<tr class=\"row-16\">\n\t<td class=\"column-1\">Bestellm\u00f6glichkeiten<\/td><td class=\"column-2\">nur per App<\/td><td class=\"column-3\">nur per App<\/td><td class=\"column-4\">nur per App<\/td>\n<\/tr>\n<tr class=\"row-17\">\n\t<td class=\"column-1\">K\u00fcndigungsfristen<\/td><td class=\"column-2\">1 Monat<\/td><td class=\"column-3\">1 Tag<\/td><td class=\"column-4\">1 Monat<\/td>\n<\/tr>\n<tr class=\"row-18\">\n\t<td class=\"column-1\">Kosten\/Preis<\/td><td class=\"column-2\">99 Cent\/Tag oder<br19.99 \u20ac Monat<\/td><td class=\"column-3\">10 - 20 \u20ac<\/td><td class=\"column-4\">10 - 15 \u20ac<\/td>\n<\/tr>\n<\/tbody>\n<tfoot>\n<tr class=\"row-19\">\n\t<th class=\"column-1\">zur App gratis laden<\/th><th class=\"column-2\">&raquo; <a href=\"https:\/\/www.lte-anbieter.info\/details\/freenetfunk\" target=\"_blank\" rel=\"noopener nofollow\">freenet Funk App install<\/a><\/th><th class=\"column-3\">&raquo; <a href=\"https:\/\/www.lte-anbieter.info\/details\/freenetflex\" target=\"_blank\" rel=\"noopener nofollow\">Freenet Flex App install<\/a><\/th><th class=\"column-4\">&raquo; <a href=\"https:\/\/www.lte-anbieter.info\/details\/fraenk\" target=\"_blank\" rel=\"noopener nofollow\">Fraenk App install<\/a><\/th>\n<\/tr>\n<\/tfoot>\n<\/table>\n<!-- #tablepress-54 from cache -->\n<p>&nbsp;<\/p>\n<div class=\"highlight\">Unser Favorit ist eindeutig Freenet Funk. Hier gibts die h\u00f6chste maximale Datenrate und unbegrenztes Volumen f\u00fcr rund 30 \u20ac im Monat &#8211; variabel auch weniger, wenn man regelm\u00e4\u00dfig sein Bedarf anpasst und zwischen 1 GB pro Tag sowie unlimited wechselt. Wer es preiswerter mag, dem sei das mittlere Freenet Flex Paket mit 12 GB f\u00fcr 15 \u20ac empfohlen. Hier punktet man mit dem etwas besseren Vodafone-Netz zum Sparpreis &#8230;<\/div>\n<h2>Bezahlung<\/h2>\n<p>Eine weitere Besonderheit sollten Interessenten eines der drei Anbieter f\u00fcr Mobilfunk per App wissen. Alle lassen aktuell <u>nur die Bezahlung \u00fcber Paypal zu<\/u>. Also nicht via Bankeinzug oder Kreditkarte. Wer also noch kein Paypal hat, sollte sich also einen Account erstellen oder muss leider verzichten. Dann hilft sicher unser gro\u00dfer <a href=\"https:\/\/www.lte-anbieter.info\/markt-uebersicht-4g.php\">LTE-Smartphone Tarifvergleich<\/a> weiter.<\/p>\n<h2>Fazit<\/h2>\n<p>Mobilfunktarife per App sind bequem, modern, flexibel und ziemlich g\u00fcnstig. Wer offen ist und sich auf die Neuerung einl\u00e4sst, wird sicher nicht entt\u00e4uscht. Wir selbst haben alle Angebote schon getestet und waren durchweg zufrieden. Siehe folgend:<\/p>\n<p>&nbsp;<\/p>\n<p>&raquo; <a href=\"https:\/\/www.lte-anbieter.info\/tarife\/tests\/freenet-funk-erfahrungsbericht.php\">zum Test von Freenet Funk<\/a><br \/>\n&raquo; <a href=\"https:\/\/www.lte-anbieter.info\/tarife\/tests\/freenet-flex-erfahrungsbericht.php\">Testbericht von Freenet Flex lesen<\/a><br \/>\n&raquo; <a href=\"https:\/\/www.lte-anbieter.info\/tarife\/tests\/fraenk-erfahrungsbericht.php\">Testbericht von Fraenk ansehen<\/a><br \/>\n&raquo; <a href=\"https:\/\/www.lte-anbieter.info\/lte-news\/internet-ohne-vertrag-ratgeber\">Internet ohne Vertrag &#8211; welche M\u00f6glichkeiten gibt es?<\/a><br \/>\n\u00bb <a href=\"https:\/\/www.lte-anbieter.info\/tarife\/tests\/sipgate-satellite.php\">Sipgate Satellite im Test<\/a><\/p>\n<p>&nbsp;<\/p>\n<p><!--Ratgeber1--><\/p>\n<div style='text-align:center' class='yasr-auto-insert-visitor'><\/div>","protected":false},"excerpt":{"rendered":"<p>Handytarif-Anbieter, die man nur \u00fcber eine App bekommt Im Jahr 2019 erschien eine neue Generation von Mobilfunkanbietern. Dessen Angebote waren erstmals nicht \u00fcber die Hotline, im Shop oder Internet bestellbar, sondern nur \u00fcber die dazu obligatorische App. Die Rede ist von Freenet Funk. Seither sind noch einige weitere Anbieter hinzugekommen. Wir zeigen, welche Angebote es [&hellip;]<\/p>\n","protected":false},"author":1,"featured_media":0,"parent":0,"menu_order":0,"comment_status":"closed","ping_status":"closed","template":"","meta":{"yasr_overall_rating":0,"yasr_post_is_review":"yes","yasr_auto_insert_disabled":"","yasr_review_type":"CreativeWorkSeries","iawp_total_views":527,"footnotes":""},"class_list":["post-34877","page","type-page","status-publish","hentry"],"yasr_visitor_votes":{"stars_attributes":{"read_only":false,"span_bottom":false},"number_of_votes":3,"sum_votes":11},"jetpack_shortlink":"https:\/\/wp.me\/POOxv-94x","_links":{"self":[{"href":"https:\/\/www.lte-anbieter.info\/lte-news\/wp-json\/wp\/v2\/pages\/34877","targetHints":{"allow":["GET"]}}],"collection":[{"href":"https:\/\/www.lte-anbieter.info\/lte-news\/wp-json\/wp\/v2\/pages"}],"about":[{"href":"https:\/\/www.lte-anbieter.info\/lte-news\/wp-json\/wp\/v2\/types\/page"}],"author":[{"embeddable":true,"href":"https:\/\/www.lte-anbieter.info\/lte-news\/wp-json\/wp\/v2\/users\/1"}],"replies":[{"embeddable":true,"href":"https:\/\/www.lte-anbieter.info\/lte-news\/wp-json\/wp\/v2\/comments?post=34877"}],"version-history":[{"count":5,"href":"https:\/\/www.lte-anbieter.info\/lte-news\/wp-json\/wp\/v2\/pages\/34877\/revisions"}],"predecessor-version":[{"id":44283,"href":"https:\/\/www.lte-anbieter.info\/lte-news\/wp-json\/wp\/v2\/pages\/34877\/revisions\/44283"}],"wp:attachment":[{"href":"https:\/\/www.lte-anbieter.info\/lte-news\/wp-json\/wp\/v2\/media?parent=34877"}],"curies":[{"name":"wp","href":"https:\/\/api.w.org\/{rel}","templated":true}]}}