{"id":35183,"date":"2026-01-05T11:56:14","date_gmt":"2026-01-05T10:56:14","guid":{"rendered":"https:\/\/www.lte-anbieter.info\/lte-news\/?page_id=35183"},"modified":"2026-01-06T08:49:30","modified_gmt":"2026-01-06T07:49:30","slug":"lte-fuer-zuhause-mit-telefon","status":"publish","type":"page","link":"https:\/\/www.lte-anbieter.info\/lte-news\/lte-fuer-zuhause-mit-telefon","title":{"rendered":"LTE f\u00fcr zuhause mit Telefon?"},"content":{"rendered":"<p>&nbsp;<\/p>\n<p>Station\u00e4re, funkbasierte Heimanschl\u00fcsse, bieten nahezu bundesweit schnelles Internet auch ohne herk\u00f6mmlichen Breitbandausbau \u00fcber <a href=\"https:\/\/www.lte-anbieter.info\/lte-alternativen\/vdsl-kabel\/vdsl-kabel-flatrate.php\" data-internallinksmanager029f6b8e52c=\"63\" title=\"Was ist VDSL und was kostet es?\">VDSL<\/a> oder Glasfaser. Je nach Anbieter, k\u00f6nnen Haushalte dann sogar in entlegenen Regionen mit zeitgem\u00e4\u00dfe Datenraten von 100 MBit\/s oder mehr versorgt werden. Angebote gibt es zahlreiche, aber meist ohne Telefonanschluss. Wir zeigen, wie Sie auch mit den Funkl\u00f6sungen Telefon bekommen.<!--more--><\/p>\n<p>&nbsp;<\/p>\n<p><img decoding=\"async\" src=\"https:\/\/www.lte-anbieter.info\/lte-news\/wp-content\/uploads\/2021\/03\/lte-telefon-ratgeber.jpg\" alt=\"LTE f\u00fcr Zuhause mit Festnetztelefon?\" class=\"fullwidth\" fetchpriority=\"high\"><\/p>\n<p>&nbsp;<\/p>\n<p>Wer einen DSL-, <a href=\"https:\/\/www.lte-anbieter.info\/lte-alternativen\/vdsl-kabel\/vdsl-kabel-flatrate.php\">VDSL-, Glasfaser oder Kabeltarif<\/a> bestellt, bekommt heute fast immer einen Telefonanschluss samt Sprachflatrate mit dazu. Bei Heimanschl\u00fcssen \u00fcber LTE oder <a href=\"https:\/\/www.lte-anbieter.info\/5g\/\" data-internallinksmanager029f6b8e52c=\"73\" title=\"alles zum LTE-Nachfolger 5G\">5G<\/a> sieht das leider anders aus. Hier verh\u00e4lt es sich genau anders herum und <u>Telefonie ist entweder deaktiviert oder gar nicht m\u00f6glich<\/u>. Nicht jeder will aber auf das heimische Telefon verzichten, trotz Smartphone. Das k\u00f6nnen ganz nostalgische Gr\u00fcnde sein oder aber weil man noch ein Fax oder Notrufsystem betreiben m\u00f6chte. Doch wer bietet solche Tarife mit Telefonie?<\/p>\n<h2>LTE-Heimtarif mit Telefonflat<\/h2>\n<p>Zurzeit gibt es <a href=\"https:\/\/www.lte-anbieter.info\/daheim\/lte-zuhause.php\">vier verschiedene Anbieter mit LTE f\u00fcr Zuhause<\/a>. Aber in Punkto Telefon kommt aktuell <u>nur zwei wirklich in Frage<\/u>. Zum einen w\u00e4re da <a href=\"https:\/\/www.lte-anbieter.info\/lte-provider\/o2\/o2-lte.php\" data-internallinksmanager029f6b8e52c=\"34\" title=\"O2 LTE- und 5G-Tarife zeigen\">O2<\/a> mit den \u201e<strong><a href=\"https:\/\/www.lte-anbieter.info\/daheim\/o2-zuhause-4g.php\" data-internallinksmanager029f6b8e52c=\"21\" title=\"alles zu den O2-Homespot Tarifen erfahren\">O2 Home<\/a> Homespot<\/strong>\u201c Paketen. Hier gibt es schnelles Internet per Funk daheim inklusive Telefonflat. Ein Novum in der Branche! Sogar Telefonate vom Festnetz zu Mobilfunk sind inklusive. Unser Tipp: \u201eHome S\u201c mit 50 MBit Downloadrate inklusive Telefon-Flat in das deutsche Festnetz. Alles zum Komplettpreis von nur 34.99 \u20ac im Monat! Bestellbar <a href=\"https:\/\/www.vdsl-tarifvergleich.de\/details\/myhome\" rel=\"noopener nofollow\" target=\"_blank\">hier auf www.o2online.de\/home<\/a> Eine <u>Datenlimitierung existiert \u00fcbrigens nicht<\/u>, man surft also unbegrenzt. Auch das ist im Vergleich einzigartig, zumindest zu dem Preis. Bei der Konkurrenz gibt\u2019s meist nur 50-400 GB monatlich und das dann auch zu h\u00f6heren Kosten.<\/p>\n<p>&nbsp;<\/p>\n<p><img decoding=\"async\" src=\"https:\/\/www.lte-anbieter.info\/lte-news\/wp-content\/uploads\/2021\/03\/o2-homespot.jpg\" alt=\"O2 Homespot\" class=\"fullwidth\" loading=\"lazy\"><\/p>\n<p>&nbsp;<\/p>\n<p>Auch die Telekom bietet eine \u00e4hnliche L\u00f6sung. Allerdings wird hier DSL mit LTE bzw. 5G sozusagen &#8222;gemischt&#8220;. Man spricht auch von <a href=\"https:\/\/www.lte-anbieter.info\/hybrid\/hybrid-lte-dsl.php\">Hybrid-Internet<\/a>. Es muss also zumindest ein langsamer DSL-Anschluss am Wohnort verf\u00fcgbar sein, sonst kann man nicht bestellen. Bei <a href=\"https:\/\/www.lte-anbieter.info\/hybrid\/5g\/telekom-5g-hybrid.php\">MagentaZuhause mit Hybrid<\/a>, bekommt man dann einen speziellen Router. Dieser sorgt dann f\u00fcr das reibungslose Zusammenspiel aus DSL und 4G\/5G. Los geht es hier ab rund 38 \u20ac monatlich, inklusive Festnetzflat!<\/p>\n<h2>weitere M\u00f6glichkeiten<\/h2>\n<p>\u00dcber Umwege kann man auch bei den anderen Anbietern telefonieren. Allerdings ist das mit Aufwand und Zusatzkosten verbunden. Zun\u00e4chst einmal erlauben alle die Verwendung von VOIP. Jedes Smartphone und jeder Computer, der \u00fcber die <a href=\"https:\/\/www.lte-anbieter.info\/lte-hardware\/router\/lte-router-ratgeber.php\" data-internallinksmanager029f6b8e52c=\"23\" title=\"LTE Router in der \u00dcbersicht + Ratgeber\">LTE-Router<\/a> mit Internet versorgt wird, kann also VOIP-Apps ausf\u00fchren, wie z.B. von Sipgate oder Fonial.<\/p>\n<p>&nbsp;<\/p>\n<p><a href=\"https:\/\/www.lte-anbieter.info\/daheim\/vodafone-gigacube.php\">Vodafones Gigacube<\/a>, die <a href=\"https:\/\/www.lte-anbieter.info\/daheim\/telekom-speedbox.php\">Speedbox von der Telekom<\/a> und <a href=\"https:\/\/www.lte-anbieter.info\/lte-provider\/congstar\/homespot-lte.php\">congstars Homespot<\/a> lassen sich zudem mit einem anderen Router wie der Fritzbox koppeln. Die FritzBox fungiert dann als Telefonanlage. Sie k\u00f6nnen in diesem Szenario ein ganz normales, analoges Telefon anstecken und wie gewohnt Gespr\u00e4che f\u00fchren. N\u00f6tig ist dann aber der Weg \u00fcber einen VOIP-Anbieter, der meist pro Minute ein Entgelt verlangt. Wie das geht, zeigen wir <a href=\"https:\/\/www.lte-anbieter.info\/lte-news\/gigacube-hacks-telefonie-mobilitaet-und-empfang\">hier f\u00fcr den Gigacube<\/a> und <a href=\"https:\/\/www.lte-anbieter.info\/lte-news\/homespot-hacks-so-holen-sie-alles-aus-den-congstar-tarifen-heraus\">hier f\u00fcr Congstars Homespot<\/a>.<\/p>\n<h2>Fazit<\/h2>\n<p>Station\u00e4re Internettarife rein \u00fcber LTE\/5G sind eher als (V)DSL-Alternative f\u00fcr Haushalte ohne andere M\u00f6glichkeit f\u00fcr schnelles Internet gedacht. Telefonie mit einem richtigen Telefon samt Flatrte bietet dar\u00fcber aktuell nur ein Anbieter. Das dann aber zu einem unversch\u00e4mt guten Preis und sogar unlimitiert. Fraglich, dass sich das die Konkurrenz lange ansieht! L\u00f6sungen \u00fcber Drittanbieter sind m\u00f6glich, aber eher was f\u00fcr Experten. Alle anderen sollten das O2-Angebot pr\u00fcfen!<\/p>\n<h2>Interessantes zum Thema:<\/h2>\n<p>&raquo; <a href=\"https:\/\/www.lte-anbieter.info\/daheim\/lte-zuhause.php\">alles \u00fcber LTE f\u00fcr zuhause<\/a><br \/>\n&raquo; <a href=\"https:\/\/www.lte-anbieter.info\/lte-news\/lte-zuhause-unbegrenzt-ohne-limit\">Heimtarife \u00fcber 4G\/LTE ohne Volumenlimit<\/a><br \/>\n&raquo; <a href=\"https:\/\/www.lte-anbieter.info\/daheim\/o2-zuhause-4g.php\">mehr \u00fcber die O2 Homespot Tarife erfahren<\/a><br \/>\n&raquo; <a href=\"https:\/\/www.lte-anbieter.info\/lte-news\/dsl-ueber-funk\">DSL \u00fcber Funk: Was ist m\u00f6glich?<\/a><br \/>\n&raquo; <a href=\"https:\/\/www.lte-anbieter.info\/ratgeber\/internet-kabellos.php\">Kabelloses Internet f\u00fcr \u00fcberall?<\/a><\/p>\n<p>&nbsp;<\/p>\n<div style='text-align:center' class='yasr-auto-insert-visitor'><\/div>","protected":false},"excerpt":{"rendered":"<p>&nbsp; Station\u00e4re, funkbasierte Heimanschl\u00fcsse, bieten nahezu bundesweit schnelles Internet auch ohne herk\u00f6mmlichen Breitbandausbau \u00fcber VDSL oder Glasfaser. Je nach Anbieter, k\u00f6nnen Haushalte dann sogar in entlegenen Regionen mit zeitgem\u00e4\u00dfe Datenraten von 100 MBit\/s oder mehr versorgt werden. Angebote gibt es zahlreiche, aber meist ohne Telefonanschluss. Wir zeigen, wie Sie auch mit den Funkl\u00f6sungen Telefon bekommen.<\/p>\n","protected":false},"author":1,"featured_media":0,"parent":0,"menu_order":0,"comment_status":"closed","ping_status":"closed","template":"","meta":{"yasr_overall_rating":0,"yasr_post_is_review":"","yasr_auto_insert_disabled":"","yasr_review_type":"","iawp_total_views":1615,"footnotes":""},"class_list":["post-35183","page","type-page","status-publish","hentry"],"yasr_visitor_votes":{"stars_attributes":{"read_only":false,"span_bottom":false},"number_of_votes":4,"sum_votes":12},"jetpack_shortlink":"https:\/\/wp.me\/POOxv-99t","_links":{"self":[{"href":"https:\/\/www.lte-anbieter.info\/lte-news\/wp-json\/wp\/v2\/pages\/35183","targetHints":{"allow":["GET"]}}],"collection":[{"href":"https:\/\/www.lte-anbieter.info\/lte-news\/wp-json\/wp\/v2\/pages"}],"about":[{"href":"https:\/\/www.lte-anbieter.info\/lte-news\/wp-json\/wp\/v2\/types\/page"}],"author":[{"embeddable":true,"href":"https:\/\/www.lte-anbieter.info\/lte-news\/wp-json\/wp\/v2\/users\/1"}],"replies":[{"embeddable":true,"href":"https:\/\/www.lte-anbieter.info\/lte-news\/wp-json\/wp\/v2\/comments?post=35183"}],"version-history":[{"count":5,"href":"https:\/\/www.lte-anbieter.info\/lte-news\/wp-json\/wp\/v2\/pages\/35183\/revisions"}],"predecessor-version":[{"id":44215,"href":"https:\/\/www.lte-anbieter.info\/lte-news\/wp-json\/wp\/v2\/pages\/35183\/revisions\/44215"}],"wp:attachment":[{"href":"https:\/\/www.lte-anbieter.info\/lte-news\/wp-json\/wp\/v2\/media?parent=35183"}],"curies":[{"name":"wp","href":"https:\/\/api.w.org\/{rel}","templated":true}]}}