{"id":36995,"date":"2026-04-03T09:37:41","date_gmt":"2026-04-03T07:37:41","guid":{"rendered":"https:\/\/www.lte-anbieter.info\/lte-news\/?page_id=36995"},"modified":"2026-04-04T10:58:28","modified_gmt":"2026-04-04T08:58:28","slug":"uebriges-datenvolumen-abfragen-ohne-app","status":"publish","type":"page","link":"https:\/\/www.lte-anbieter.info\/lte-news\/uebriges-datenvolumen-abfragen-ohne-app","title":{"rendered":"Restliches Datenvolumen abfragen ohne App"},"content":{"rendered":"<p>Die meisten Mobilfunk-Tarife stellen nach wie vor nur ein begrenztes, monatliches Volumenkontingent zur Verf\u00fcgung, z. B. 30 GB. Nur wenige Angebote bieten unlimitiert mobiles Internet via LTE bzw. <a href=\"https:\/\/www.lte-anbieter.info\/5g\/\" data-internallinksmanager029f6b8e52c=\"73\" title=\"alles zum LTE-Nachfolger 5G\">5G<\/a>.<\/p>\n<div class=\"pic_l_cl\"><img decoding=\"async\" src=\"https:\/\/www.lte-anbieter.info\/lte-news\/wp-content\/uploads\/2021\/11\/volumen-abfragen-ohne-app.webp\" class=\"fullwidth\" alt=\"verbleibendes Datenvolumen ermitteln ohne Apps\" fetchpriority=\"high\"><\/div>\n<p>Verbraucht man vor der n\u00e4chsten Rechnungsperiode schon sein ganzes Datenvolumen, geht\u2019s entweder in die extrem langsame Drosselung oder es wird teurer. Daher hilft es, den Stand immer mal im Auge zu haben. Aber wie und geht das auch ohne extra App?<\/p>\n<p>&nbsp;<\/p>\n<h2>1. Verbleibendes Datenvolumen ermitteln ohne App<\/h2>\n<p>Bis auf 1 bis 2 Ausnahmen, stellen alle Mobilfunkanbieter ihren Kunden <a href=\"https:\/\/www.lte-anbieter.info\/lte-news\/verbleibendes-datenvolumen-per-app-ermitteln\">eine spezielle App zur Verf\u00fcgung<\/a>, mit der man nicht nur pers\u00f6nliche Daten verwalten kann, Rechnungen einsehen oder Tarife wechseln. Sie zeigen auch zuverl\u00e4ssig das schon verbrauchte Volumen im laufenden Monat an. Erh\u00e4ltlich f\u00fcr Prepaid- und Postpaid-Nutzer gleicherma\u00dfen. Aber: Nicht jeder will eine extra App installieren. Auch f\u00fcr alle die LTE oder 5G als DSL-Ersatz zuhause nutzen muss, es zudem eine andere L\u00f6sung geben. Wir zeigen, wie Sie das verbleibende bzw. schon verbrauchte Datenvolumen einsehen k\u00f6nnen.<\/p>\n<p>&nbsp;<\/p>\n<h2>2. Unterschiede je nach Anbieter bzw. Netzprovider<\/h2>\n<p>Je nach dem welchen Mobilfunkanbieter Sie nutzen, gibt es unterschiedliche Herangehensweisen. Zun\u00e4chst ist wichtig zu wissen, dass es in Deutschland <u>nur drei Mobilfunk-Netzanbieter gibt<\/u> \u2013 <strong><a href=\"https:\/\/www.lte-anbieter.info\/lte-provider\/vodafone\/vodafone-lte.php\" data-internallinksmanager029f6b8e52c=\"33\" title=\"Vodafone LTE- und 5G-Tarife zeigen\">Vodafone<\/a><\/strong>, <strong><a href=\"https:\/\/www.lte-anbieter.info\/lte-provider\/o2\/o2-lte.php\" data-internallinksmanager029f6b8e52c=\"34\" title=\"O2 LTE- und 5G-Tarife zeigen\">O2 Telef\u00f3nica<\/a><\/strong> und die <strong><a href=\"https:\/\/www.lte-anbieter.info\/lte-provider\/telekom\/telekom-lte.php\" data-internallinksmanager029f6b8e52c=\"32\" title=\"LTE- und 5G-Tarife der Deutschen Telekom zeigen\">Deutsche Telekom<\/a><\/strong>. Alle anderen Angebote, wie <a href=\"https:\/\/www.lte-anbieter.info\/prepaid\/anbieter\/aldi-talk.php\" data-internallinksmanager029f6b8e52c=\"53\" title=\"Aldi-Talk Tarife und Testbericht\">Aldi-Talk<\/a>, <a href=\"https:\/\/www.lte-anbieter.info\/prepaid\/anbieter\/callya-vodafone.php\" data-internallinksmanager029f6b8e52c=\"52\" title=\"Callya Prepaid Tarife von Vodafone im Vergleich\">Callya<\/a>, <a href=\"https:\/\/www.lte-anbieter.info\/lte-provider\/simon\/simon-mobil.php\" data-internallinksmanager029f6b8e52c=\"48\" title=\"SIMon Tarife vergleichen\">SIMon<\/a>, <a href=\"https:\/\/www.lte-anbieter.info\/lte-provider\/klarmobil\/klarmobil-lte.php\" data-internallinksmanager029f6b8e52c=\"46\" title=\"Klarmobil Tarife vergleichen\">Klarmobile<\/a> und so weiter, basieren IMMER auf einem dieser Netze. Die Herangehensweise ist dann innerhalb des jeweiligen Netzanbieters immer gleich oder zumindest \u00e4hnlich.<\/p>\n<p>&nbsp;<\/p>\n<div class=\"background4\">\n<h2>2.1 Volumen abfragen im <span style=\"color: #BC0002\">Vodafone-Netz<\/span><\/h2>\n<p>Wer sich im Netz von Vodafone bewegt hat es besonders einfach sein Restvolumen zu ermitteln. Zun\u00e4chst muss das Endger\u00e4t (Router, Smartphone, Tablet) mit Mobilfunk (LTE\/5G) verbunden sein. Das ist wichtig, denn \u00fcber WLAN funktioniert der folgende Schritt NICHT! Auch \u00fcber einen VPN-Dienst bleibt der Zugriff verwehrt. Soweit die Funkverbindung steht, geben Sie im <strong>Browser<\/strong> <strong><em>center.vodafone.de<\/em><\/strong> ein. Das sieht dann in etwa so aus wie auf dem folgenden Bild links (hier Callya). Nutzer eines <a href=\"https:\/\/www.lte-anbieter.info\/daheim\/vodafone-gigacube.php\">Gigacube-Tarifes<\/a> erhalten eher eine etwas andere Seite (rechts), aber das Grundprinzip ist dasselbe. Man kann direkt das schon verbrauchte Datenvolumen ablesen.<\/p>\n<p>&nbsp;<\/p>\n<p><u>Alternative:<\/u> Hier <a href=\"https:\/\/www.lte-anbieter.info\/details\/VodafoneStart\" rel=\"noopener nofollow\" target=\"_blank\">auf www.vodafone.de klicken<\/a> und rechts oben auf \u201e<strong>MeinVodafone<\/strong>\u201c. Anschlie\u00dfend mit den Kundendaten einloggen. Auch hier findet man alles Infos zum restlichen Volumen.<\/p>\n<h2>2.1.1 Was ist mit den anderen Anbieter im Vodafone-Netz?<\/h2>\n<p>Hier verfahren Sie analog wie unter 2.1 beschrieben. Gl\u00fccklicher Weise funktioniert das mit allen anderen Tarifen im Vodafone-Netz analog. Also bei: SIMon, Callya, <a href=\"https:\/\/www.lte-anbieter.info\/lte-provider\/otelo\/otelo-lte.php\" data-internallinksmanager029f6b8e52c=\"35\" title=\"Otelo Tarife zeigen\">Otelo<\/a>, <a href=\"https:\/\/www.lte-anbieter.info\/tarife\/tests\/freenet-flex-erfahrungsbericht.php\" data-internallinksmanager029f6b8e52c=\"50\" title=\"Freenet Flex Testbericht und Tarife\">Freenet Flex<\/a>, <a href=\"https:\/\/www.lte-anbieter.info\/prepaid\/anbieter\/lidl.php\" data-internallinksmanager029f6b8e52c=\"54\" title=\"LIDL Connect Tarife und Testbericht\">Lidl Connect<\/a> und <a href=\"https:\/\/www.lte-anbieter.info\/lte-provider\/fyve\/fyve-lte.php\" data-internallinksmanager029f6b8e52c=\"47\" title=\"Fyve Tarife im Vergleich\">Fyve<\/a>.<\/p><\/div>\n<div class=\"pic_r_cl\"><a href=\"https:\/\/www.lte-anbieter.info\/lte-news\/wp-content\/uploads\/2021\/11\/vodafone-volumen.webp\"><img decoding=\"async\" src=\"https:\/\/www.lte-anbieter.info\/lte-news\/wp-content\/uploads\/2021\/11\/vodafone-volumen.webp\" class=\"fullwidth\" loading=\"lazy\"><\/a><\/p>\n<p>Volumenabfrage \u00fcber Browser f\u00fcr <a href=\"https:\/\/www.lte-anbieter.info\/daheim\/vodafone-gigacube.php\" data-internallinksmanager029f6b8e52c=\"22\" title=\"alles zum Vodafone Gigacube Angebot sowie den Tarifen erfahren\">Gigacube<\/a>-Nutzer (links) und am Smartphone (rechts)<\/p>\n<\/div>\n<p>&nbsp;<\/p>\n<div class=\"background4\">\n<h2>2.2 Volumen abfragen im <span style=\"color: #BC0002\">Telekom-Netz<\/span><\/h2>\n<p>F\u00fcr Kunden der Deutschen Telekom ist es genauso leicht wie bei Vodafone. Zum ermitteln des Rest-Datenvolumen einfach nur im Mobilfunk-Router, Smartphone oder Tablet die mobile Datenverbindung etablieren (NICHT via WLAN und kein VPN) und im Browser <strong><em>pass.telekom.de<\/em><\/strong> eingeben. Hier k\u00f6nnen einerseits etwaige Zusatzoptionen gebucht werden oder der Volumenverbrauch ermittelt. Das funktioniert mit allen Smartphone- und Tablet-Tarifen (MagentaMobil Smartphone\/Data\/Prepaid) UND bei den DSL-Alternativen \u00fcber LTE\/5G. Also auch z.B. im <a href=\"https:\/\/www.lte-anbieter.info\/daheim\/telekom-speedbox.php\">MagentaMobil Speedbox<\/a> Tarif.<\/p>\n<p>&nbsp;<\/p>\n<p><u>Alternative:<\/u> Als weitere M\u00f6glichkeit bietet sich wieder das Einloggen ins Kundenmen\u00fc an. Einfach <a href=\"https:\/\/www.lte-anbieter.info\/details\/TelekomStart\" rel=\"noopener nofollow\" target=\"_blank\">hier auf www.telekom.de gehen<\/a> und rechts oben \u201eLogin\u201c anklicken. In diesem Bereich findet man alles zu seinen Vertragsdaten, Tarif(en) und dem Restvolumen&#8230;<\/p>\n<h2>2.2.1 Was bei anderen Anbietern im Telekom-Netz?<\/h2>\n<p>Auch hier funktioniert in der Regel der Weg \u00fcber pass.telekom.de. Bei einigen Ausnahmen (Prepaid) kann aber auch <strong><em>datapass.de<\/em><\/strong> richtig sein, z.B. bei Edeka Mobil. Am besten ausprobieren! Das Funknetz der Telekom nutzen auch: <a href=\"https:\/\/www.lte-anbieter.info\/tarife\/tests\/fraenk-erfahrungsbericht.php\" data-internallinksmanager029f6b8e52c=\"49\" title=\"Fraenk Tarife hier vergleichen\">Fraenk<\/a>, <a href=\"https:\/\/www.lte-anbieter.info\/lte-provider\/congstar\/congstar-lte.php\" data-internallinksmanager029f6b8e52c=\"37\" title=\"Congstar Tarife zeigen\">congstar<\/a>, Edeka, Kaufland, ja!mobil, <a href=\"https:\/\/www.lte-anbieter.info\/prepaid\/anbieter\/norma-lte.php\" data-internallinksmanager029f6b8e52c=\"55\" title=\"Norma Connect Tarife zeigen\">Norma<\/a>.\n<\/div>\n<p>&nbsp;<\/p>\n<p><a href=\"https:\/\/www.lte-anbieter.info\/lte-news\/wp-content\/uploads\/2021\/11\/telekom-volumen.webp\"><img decoding=\"async\" src=\"https:\/\/www.lte-anbieter.info\/lte-news\/wp-content\/uploads\/2021\/11\/telekom-volumen.webp\" alt=\"Telekom Datenvolumen einsehen\" class=\"fullwidth\" loading=\"lazy\"><\/a><\/p>\n<p>&nbsp;<\/p>\n<p>&nbsp;<\/p>\n<div class=\"background4\">\n<h2>2.3 O2: Volumen abfragen im <span style=\"color: #BC0002\">O2-Netz<\/span><\/h2>\n<p>Rein gemessen an den Kundenzahlen, ist O2 hierzulande der gr\u00f6\u00dfte Anbieter \u00fcberhaupt. Leider gibt es hier keine URL zur Abfrage derart wie bei Vodafone oder der Dt. Telekom. Wer keine App installieren will, muss sich also <a href=\"https:\/\/www.lte-anbieter.info\/details\/o2login\" rel=\"noopener nofollow\" target=\"_blank\">direkt ins Kundencenter einloggen<\/a>. Dabei ist es aber egal, ob dies \u00fcber WLAN oder LTE\/5G erfolgt und mit welchem Endger\u00e4t.<\/p>\n<h2>2.3.1 Was ist mit anderen Anbietern \u00fcber O2?<\/h2>\n<p>Auch hier f\u00fchrt ohne App der einzige Weg \u00fcber das browserbasierte Kundenmen\u00fc Ihres Anbieters \u2013 zu finden je als Login-Bereich auf der Homepage. Auf das O2-Netz setzen auch: Simyo, Blau.de <a href=\"https:\/\/www.lte-anbieter.info\/tarife\/tests\/freenet-funk-erfahrungsbericht.php\" data-internallinksmanager029f6b8e52c=\"51\" title=\"Freenet Funk Testbericht und Tarife\">Freenet Funk<\/a>, Fonic, Tchibo Mobil, Nettokom, WhatsappSIM, Fyve, Netzclub und MegaCrash. Bei diesen Mobilfunkanbietern ist daher die Appnutzung empfehlenswert &#8230;\n<\/p><\/div>\n<p>&nbsp;<\/p>\n<p><\/p>\n<div class=\"background4\">\n<h2>2.4 United Internet: Volumen abfragen im <span style=\"color: #BC0002\">1&#038;1-Netz<\/span><\/h2>\n<p>Ende 2024 hat 1&#038;1 erstmals sein eigenes Mobilfunknetz f\u00fcr Smartphone-Nutzer ge\u00f6ffnet. Noch ist dieses aber nur an wenigen Orten empfangbar. Daher setzt der Anbieter auf Vodafone als Netzpartner in Regionen ohne 1&#038;1-Netz. Neben den hauseigenen <a href=\"https:\/\/www.lte-anbieter.info\/lte-provider\/1und1\/tarife-1und1-lte.php#smartphone\">1&#038;1-Mobilfunktarifen<\/a>, gibt es noch etliche weitere Marken. Genauer gesagt \u00fcber Drillisch, das auch zum Unternehmen geh\u00f6rt. Hier sind Mobilfunkmarken zuhause wie <a href=\"https:\/\/www.lte-anbieter.info\/lte-provider\/simply\/simplytel-lte.php\" data-internallinksmanager029f6b8e52c=\"39\" title=\"Simplytel Tarife zeigen\">Simplytel<\/a>, <a href=\"https:\/\/www.lte-anbieter.info\/lte-provider\/blacksim\/blacksim-tarife.php\" data-internallinksmanager029f6b8e52c=\"44\" title=\"BlackSIM Tarife vergleichen\">BlackSIM<\/a>, CyberSIM, <a href=\"https:\/\/www.lte-anbieter.info\/lte-provider\/sim\/sim-de.php\" data-internallinksmanager029f6b8e52c=\"43\" title=\"SIM.de Tarife vergleichen\">SIM.de<\/a>, <a href=\"https:\/\/www.lte-anbieter.info\/lte-provider\/winsim\/winsim-lte.php\" data-internallinksmanager029f6b8e52c=\"42\" title=\"WinSIM Tarife vergleichen\">WinSIM<\/a>, <a href=\"https:\/\/www.lte-anbieter.info\/lte-provider\/maxxim\/maxxim-lte.php\" data-internallinksmanager029f6b8e52c=\"41\" title=\"Maxxim Tarife zeigen\">Maxxim<\/a>, <a href=\"https:\/\/www.lte-anbieter.info\/lte-provider\/resell\/premium-sim.php\" data-internallinksmanager029f6b8e52c=\"36\" title=\"PremiumSIM Tarife zeigen\">PremiumSIM<\/a>, <a href=\"https:\/\/www.lte-anbieter.info\/lte-provider\/smart\/smartmobil.php\" data-internallinksmanager029f6b8e52c=\"38\" title=\"Smartmobil Tarife zeigen\">Smartmobil<\/a> oder Web.de.<br \/>\nZur Abfrage des Datenvolumens sind Nutzer sowohl direkt bei 1&#038;1 als auch den anderen Anbietern auf das Kundenmen\u00fc oder die App angewiesen.\n<\/div>\n<p>&nbsp;<\/p>\n<h2>3. Datenvolumen \u00fcber Android &#038; iOS abfragen<\/h2>\n<p>Wir empfehlen eindeutig den oben unter 2) beschriebenen Weg. Es gibt aber noch eine weitere Alternative die ohne App auskommt. Von Haus aus z\u00e4hlt n\u00e4mlich ihr Smartphone bzw. Tablet auch das verbrauchte Volumen mit. Gleiches gilt f\u00fcr die meisten LTE\/5G Router. Es gibt aber einen Nachteil: Der ausgewiesene Datenverbrauch ist eher als Orientierung zu verstehen und muss nicht 100% stimmen. Zudem k\u00f6nnen ja mehrere Endger\u00e4te an einem Zugang h\u00e4ngen, z.B. per <a href=\"https:\/\/www.lte-anbieter.info\/technik\/wlan\/hotspot-tethering-einrichten.php\" data-internallinksmanager029f6b8e52c=\"57\" title=\"Was ist Tethering und wie nutze ich es?\">Tethering<\/a> oder wenn die SIM im <a href=\"https:\/\/www.lte-anbieter.info\/lte-hardware\/router\/lte-router-ratgeber.php\" data-internallinksmanager029f6b8e52c=\"23\" title=\"LTE Router in der \u00dcbersicht + Ratgeber\">4G-Router<\/a> mehrere Ger\u00e4te mit WLAN versorgt. Ausschlaggebend sind daher die Verbrauchswerte im Kundenmen\u00fc des Providers!<\/p>\n<h2>3.1 Volumen unter Android einsehen<\/h2>\n<p>Wer ein Handy mit Android Betriebssystem hat, findet die Infos zur Datennutzung unter:<br \/>\n<em>Einstellungen -> Verbindungen -> Datennutzung<\/em>. Je nach Smartphone-Marke und Androidversion kann der Pfand aber auch leicht abweichen. Suchen Sie am besten in den Einstellungen \u00fcber das Lupensymbol nach \u201e<em>Datennutzung<\/em>\u201c oder \u201e<em>Datenverbindungen<\/em>\u201c. Das entsprechende Men\u00fc sieht dann in etwa so aus wie folgend zu sehen. PS: Man kann sogar einstellen, wie viel Volumen der eigene Tarif jeden Monat zur Verf\u00fcgung stellt und ab wann die Rechnungsperiode immer beginnt. Damit k\u00f6nnen Verbrauchswarnungen eingestellt werden.<\/p>\n<p>&nbsp;<\/p>\n<p><img decoding=\"async\" src=\"https:\/\/www.lte-anbieter.info\/lte-news\/wp-content\/uploads\/2021\/11\/mobile-datennutzung.webp\" alt=\"mobile Datennutzung bei Android einsehen\" class=\"fullwidth\" loading=\"lazy\"><\/p>\n<p>&nbsp;<\/p>\n<h2>3.2 Volumen unter Apple iOS beobachten<\/h2>\n<p>F\u00fcr iPhone-Nutzer gibt es eine \u00e4hnliche Funktion die das verbrauchte Datenvolumen erfasst. Zu finden unter <em>Einstellungen -> Mobilfunk -> mobile Daten<\/em> (oder \u00e4hnlich).<\/p>\n<h2>3.3 Volumen im Router ablesen<\/h2>\n<p>Die meisten 4G- und 5G-Router bringen heute von Haus aus auch einen einfachen Volumenz\u00e4hler mit. Leider aber noch nicht alle. Wenn, finden Sie die Angaben im Routermen\u00fc. Wenn Sie nicht wissen, wie man dieses erreicht: Hier haben wir f\u00fcr die g\u00e4ngigsten Modelle den Zugang beschrieben. Auf jeden Fall kann der Datenverbrauch gemessen werden: Bei allen <a href=\"https:\/\/www.lte-anbieter.info\/lte-hardware\/router\/gigacube-router-vodafone.php\">Gigacube-Routern<\/a>, <a href=\"https:\/\/www.lte-anbieter.info\/daheim\/telekom-speedbox.php\" data-internallinksmanager029f6b8e52c=\"19\" title=\"mehr zu den Speedbox Tarifen der Telekom\">Speedbox<\/a>-Modellen, den O2-Homespots und allen <a href=\"https:\/\/www.lte-anbieter.info\/lte-hardware\/router\/fritzboxen-uebersicht.php\">LTE-Fritzboxen<\/a>. Das schaut dann im Fall der AVM-Router in etwa so aus:<\/p>\n<p>&nbsp;<\/p>\n<p><a href=\"https:\/\/www.lte-anbieter.info\/lte-news\/wp-content\/uploads\/2021\/11\/fritz-box-zaehler.webp\"><img decoding=\"async\" src=\"https:\/\/www.lte-anbieter.info\/lte-news\/wp-content\/uploads\/2021\/11\/fritz-box-zaehler.webp\" alt=\"Datenvolumen Verbrauchsz\u00e4hler in einer Fritzbox\" loading=\"lazy\"><\/a><\/p>\n<p>&nbsp;<\/p>\n<h2>4. Datenvolumen \u00fcber App ermitteln<\/h2>\n<p>Zu guter Letzt sei aber dennoch noch einmal erw\u00e4hnt, dass der zweiteinfachste Weg \u00fcber die App vom eigenen Anbieter f\u00fchrt. Einmal eingerichtet, reicht ein Klick und man hat die aktuellen Verbrauchswerte des Datenvolumens im Blick. Mehr dazu und alle passenden Links hier in unserem <a href=\"https:\/\/www.lte-anbieter.info\/lte-news\/verbleibendes-datenvolumen-per-app-ermitteln\">Spezial zum Thema Datenvolumen per App ermitteln<\/a>.<\/p>\n<p>&nbsp;<\/p>\n<div style='text-align:center' class='yasr-auto-insert-visitor'><\/div>","protected":false},"excerpt":{"rendered":"<p>Die meisten Mobilfunk-Tarife stellen nach wie vor nur ein begrenztes, monatliches Volumenkontingent zur Verf\u00fcgung, z. B. 30 GB. Nur wenige Angebote bieten unlimitiert mobiles Internet via LTE bzw. 5G. Verbraucht man vor der n\u00e4chsten Rechnungsperiode schon sein ganzes Datenvolumen, geht\u2019s entweder in die extrem langsame Drosselung oder es wird teurer. Daher hilft es, den Stand [&hellip;]<\/p>\n","protected":false},"author":1,"featured_media":0,"parent":0,"menu_order":0,"comment_status":"closed","ping_status":"closed","template":"","meta":{"yasr_overall_rating":0,"yasr_post_is_review":"yes","yasr_auto_insert_disabled":"","yasr_review_type":"CreativeWorkSeries","iawp_total_views":19994,"footnotes":""},"class_list":["post-36995","page","type-page","status-publish","hentry"],"yasr_visitor_votes":{"stars_attributes":{"read_only":false,"span_bottom":false},"number_of_votes":14,"sum_votes":46},"jetpack_shortlink":"https:\/\/wp.me\/POOxv-9CH","_links":{"self":[{"href":"https:\/\/www.lte-anbieter.info\/lte-news\/wp-json\/wp\/v2\/pages\/36995","targetHints":{"allow":["GET"]}}],"collection":[{"href":"https:\/\/www.lte-anbieter.info\/lte-news\/wp-json\/wp\/v2\/pages"}],"about":[{"href":"https:\/\/www.lte-anbieter.info\/lte-news\/wp-json\/wp\/v2\/types\/page"}],"author":[{"embeddable":true,"href":"https:\/\/www.lte-anbieter.info\/lte-news\/wp-json\/wp\/v2\/users\/1"}],"replies":[{"embeddable":true,"href":"https:\/\/www.lte-anbieter.info\/lte-news\/wp-json\/wp\/v2\/comments?post=36995"}],"version-history":[{"count":5,"href":"https:\/\/www.lte-anbieter.info\/lte-news\/wp-json\/wp\/v2\/pages\/36995\/revisions"}],"predecessor-version":[{"id":43847,"href":"https:\/\/www.lte-anbieter.info\/lte-news\/wp-json\/wp\/v2\/pages\/36995\/revisions\/43847"}],"wp:attachment":[{"href":"https:\/\/www.lte-anbieter.info\/lte-news\/wp-json\/wp\/v2\/media?parent=36995"}],"curies":[{"name":"wp","href":"https:\/\/api.w.org\/{rel}","templated":true}]}}