{"id":38106,"date":"2025-12-10T11:01:09","date_gmt":"2025-12-10T10:01:09","guid":{"rendered":"https:\/\/www.lte-anbieter.info\/lte-news\/?page_id=38106"},"modified":"2025-12-11T16:04:34","modified_gmt":"2025-12-11T15:04:34","slug":"fritzbox-mit-unlimitiertem-lte","status":"publish","type":"page","link":"https:\/\/www.lte-anbieter.info\/lte-news\/fritzbox-mit-unlimitiertem-lte","title":{"rendered":"FritzBox mit unlimitiertem LTE bzw. 5G"},"content":{"rendered":"<p>&nbsp;<\/p>\n<p>Es gibt viele Gr\u00fcnde f\u00fcr einen Internetzugang via Mobilfunk statt \u00fcber das Festnetz zu realisieren. Also DSL, Kabel oder sogar Glasfaser. So sind diese mittlerweile fast \u00fcberall in k\u00fcrzester Zeit verf\u00fcgbar, sogar ohne Technikertermin. Es gibt sogar Tarife (fast) ohne monatliche Datenbegrenzung und moderner FritzBox. Wir zeigen, wer das bietet und was es kostet.<!--more--><\/p>\n<p>&nbsp;<\/p>\n<p><img decoding=\"async\" src=\"https:\/\/www.lte-anbieter.info\/lte-news\/wp-content\/uploads\/2022\/08\/fritzbox-unlimited.webp\" alt=\"Ratgeber: FritzBox mit unlimitiertem LTE\/5G\" fetchpriority=\"high\"><\/p>\n<p>&nbsp;<\/p>\n<p>Aktuell bietet nur Freenet ein Komplettangebot aus Internetzugang per LTE\/<a href=\"https:\/\/www.lte-anbieter.info\/5g\/\" data-internallinksmanager029f6b8e52c=\"73\" title=\"alles zum LTE-Nachfolger 5G\">5G<\/a> und einer passenden LTE-Fritzbox. Wie wir noch sehen werden, sind aber auch einige \u00e4hnliche Alternativen am Markt erh\u00e4ltlich. Doch zun\u00e4chst stellen wir den Freenet-Tarif vor.<\/p>\n<h2>Freenet<\/h2>\n<p>Der Provider bietet seit Anfang 2025 ein echtes Kn\u00fcllerangebot. Zuvor machte das Unternehmen schon durch den super g\u00fcnstigen Handytarif ohne Datenlimit \u201e<a href=\"https:\/\/www.lte-anbieter.info\/tarife\/tests\/freenet-funk-erfahrungsbericht.php\">Freenet Funk<\/a>\u201c von sich reden. Seither wird auch ein Tarif f\u00fcr den station\u00e4ren Einsatz offeriert \u2013 praktisch als eine Art mobiler DSL-Ersatz. Konkret handelt es sich um \u201e<a href=\"https:\/\/www.lte-anbieter.info\/daheim\/freenet\/freenet-internet-lte.php\">Freenet Internet per LTE oder 5G<\/a>\u201c. Auf Wunsch erhalten Kunden aber je eine moderne <a href=\"https:\/\/www.lte-anbieter.info\/lte-hardware\/all\/fritzbox-6820-v3-modell-2020\">FritzBox 6820 LTE<\/a>. <\/p>\n<p>&nbsp;<\/p>\n<p><strong><u>Freenet Internet 5G:<\/u><\/strong> Der Tarif bietet satte 400 Gigabyte (GB) pro Monat. Das ist meist v\u00f6llig ausreichend, denn der Durchschnittshaushalt in Deutschland verbraucht kaum 350 GB monatlich[1]. Selbst 4K-Dauerstreamer von Netflix oder Disney+ kommen selten \u00fcber 500 GB. Somit kann man also selbst einen langsamen DSL-Zugang problemlos ersetzen. Freenets Funk-Heimanschluss \u00fcber LTE oder 5G verspricht immerhin bis zu 300 MBit\/s \u00fcbers <a href=\"https:\/\/www.lte-anbieter.info\/lte-provider\/o2\/o2-lte.php\" data-internallinksmanager029f6b8e52c=\"34\" title=\"O2 LTE- und 5G-Tarife zeigen\">O2<\/a> 4G-Netz. Das entspricht einem mittleren Glasfaser-Anschluss und gen\u00fcgt selbst f\u00fcr gleichzeitiges Ultra-Streaming auf mehreren TV-Ger\u00e4ten. F\u00fcr das ganze verlangt Freenet 39.99 \u20ac im Monat. Wahlweise kann eine verg\u00fcnstigte FritzBox 6820 mitbestellt werden. Mehr Infos zum Angebot <a href=\"https:\/\/www.lte-anbieter.info\/daheim\/freenet\/freenet-internet-lte.php\">hier<\/a>.<\/p>\n<p>&nbsp;<\/p>\n<div class=\"highlight\">Wichtig: Das Angebot kann nicht direkt \u00fcber die Webseite des Anbieters bestellt werden, sondern NUR ausschlie\u00dflich <a href=\"https:\/\/www.lte-anbieter.info\/details\/freenethome\" rel=\"noopener nofollow\" target=\"_blank\">\u00fcber diese App<\/a> (bzw. QR-Code unten nutzen). Denn wie schon beim Smartphone-Tarif \u201eFreenet Funk\u201c, erfolgt die komplette Verwaltung \u00fcber die hauseigene App. Angefangen von der Bestellung, bis zur K\u00fcndigung.<\/div>\n<p>&nbsp;<\/p>\n<p>QR-Code f\u00fcr die Freenet Internet App:<\/p>\n<div align=\"center\"><img decoding=\"async\" src=\"https:\/\/www.lte-anbieter.info\/lte-news\/wp-content\/uploads\/2022\/08\/qr-freenetinternet.png\" alt=\"QR-Code Freenet Internet Bestellung\" width=\"250\" loading=\"lazy\"><\/div>\n<p>&nbsp;<\/p>\n<h2>Alternativen<\/h2>\n<p>Es gibt noch einige andere Anbieter, die ebenfalls Internetanschl\u00fcsse mit unlimitiertem 4G\/5G im Programm haben. Allerdings je ohne FritzBox. Man kann sich aber nat\u00fcrlich selbst eine FB im Handel kaufen und die SIM-Karte dort einlegen, das funktioniert bei allen Anbietern. Zur Wahl stehen Vodafones <a href=\"https:\/\/www.lte-anbieter.info\/daheim\/gigacube-unlimited.php\">Gigacube Zuhause Unlimited<\/a> f\u00fcr 66.99 \u20ac. Am preiswertesten ist noch O2\u00b4s \u201e<a href=\"https:\/\/www.lte-anbieter.info\/daheim\/o2-zuhause-4g.php\">Home S<\/a>\u201c. Hier ist f\u00fcr nur 34.99 \u20ac sogar noch eine Festnetzflat mit inklusive. Allerdings mit einer recht bescheidenen Datenrate von 50 MBit\/s. 100 MBit\/s sind gegen Aufpreis im Tarif &#8222;M&#8220; m\u00f6glich.<\/p>\n<p>&nbsp;<\/p>\n<h2>auch interessant:<\/h2>\n<p>&raquo; <a href=\"https:\/\/www.lte-anbieter.info\/lte-news\/dsl-ueber-funk\">DSL \u00fcber Funk: Was ist m\u00f6glich?<\/a><br \/>\n&raquo; <a href=\"https:\/\/www.lte-anbieter.info\/ratgeber\/internet-kabellos.php\">Kabelloses Internet f\u00fcr \u00fcberall?<\/a><\/p>\n<div class=\"quellenews2\">\nQuelle:<br \/>\n[1] https:\/\/de.statista.com\/statistik\/daten\/studie\/3564\/umfrage\/durchschnittliches-datenvolumen-pro-anschluss-seit-2001\/<\/div>\n<p>&nbsp;<\/p>\n<p>&nbsp;<\/p>\n<div style='text-align:center' class='yasr-auto-insert-visitor'><\/div>","protected":false},"excerpt":{"rendered":"<p>&nbsp; Es gibt viele Gr\u00fcnde f\u00fcr einen Internetzugang via Mobilfunk statt \u00fcber das Festnetz zu realisieren. Also DSL, Kabel oder sogar Glasfaser. So sind diese mittlerweile fast \u00fcberall in k\u00fcrzester Zeit verf\u00fcgbar, sogar ohne Technikertermin. Es gibt sogar Tarife (fast) ohne monatliche Datenbegrenzung und moderner FritzBox. Wir zeigen, wer das bietet und was es kostet.<\/p>\n","protected":false},"author":1,"featured_media":0,"parent":0,"menu_order":0,"comment_status":"closed","ping_status":"closed","template":"","meta":{"yasr_overall_rating":0,"yasr_post_is_review":"","yasr_auto_insert_disabled":"","yasr_review_type":"","iawp_total_views":508,"footnotes":""},"class_list":["post-38106","page","type-page","status-publish","hentry"],"yasr_visitor_votes":{"stars_attributes":{"read_only":false,"span_bottom":false},"number_of_votes":0,"sum_votes":0},"jetpack_shortlink":"https:\/\/wp.me\/POOxv-9UC","_links":{"self":[{"href":"https:\/\/www.lte-anbieter.info\/lte-news\/wp-json\/wp\/v2\/pages\/38106","targetHints":{"allow":["GET"]}}],"collection":[{"href":"https:\/\/www.lte-anbieter.info\/lte-news\/wp-json\/wp\/v2\/pages"}],"about":[{"href":"https:\/\/www.lte-anbieter.info\/lte-news\/wp-json\/wp\/v2\/types\/page"}],"author":[{"embeddable":true,"href":"https:\/\/www.lte-anbieter.info\/lte-news\/wp-json\/wp\/v2\/users\/1"}],"replies":[{"embeddable":true,"href":"https:\/\/www.lte-anbieter.info\/lte-news\/wp-json\/wp\/v2\/comments?post=38106"}],"version-history":[{"count":5,"href":"https:\/\/www.lte-anbieter.info\/lte-news\/wp-json\/wp\/v2\/pages\/38106\/revisions"}],"predecessor-version":[{"id":41098,"href":"https:\/\/www.lte-anbieter.info\/lte-news\/wp-json\/wp\/v2\/pages\/38106\/revisions\/41098"}],"wp:attachment":[{"href":"https:\/\/www.lte-anbieter.info\/lte-news\/wp-json\/wp\/v2\/media?parent=38106"}],"curies":[{"name":"wp","href":"https:\/\/api.w.org\/{rel}","templated":true}]}}